{"id":13388,"date":"2022-06-16T11:09:33","date_gmt":"2022-06-16T15:09:33","guid":{"rendered":"https:\/\/goodworkinstitute.org\/?post_type=good-work-hour&#038;p=13388"},"modified":"2022-06-16T11:09:33","modified_gmt":"2022-06-16T15:09:33","slug":"shawn-young-driving-racial-justice-and-social-equity-through-the-bard-prison-initiative-and-all-of-us","status":"publish","type":"good-work-hour","link":"https:\/\/goodworkinstitute.org\/es\/good-work-hour\/shawn-young-driving-racial-justice-and-social-equity-through-the-bard-prison-initiative-and-all-of-us\/","title":{"rendered":"Shawn Young: Impulsar la justicia racial y la equidad social a trav\u00e9s de la Bard Prison Initiative y All of Us."},"content":{"rendered":"<p>Las copresentadoras Terri y Susan dan la bienvenida a Shawn Young a la Hora del Buen Trabajo. Shawn es cofundador de All Of Us Community Action Group, una organizaci\u00f3n de base dirigida por negros, y coordinador de reinserci\u00f3n en el norte del estado para Bard Prison Initiative (BPI), un programa de Bard College que proporciona educaci\u00f3n universitaria a personas en prisi\u00f3n y ofrece una red de apoyo a su regreso a la comunidad. La experiencia de Shawn incluye la organizaci\u00f3n comunitaria, el activismo y la defensa. En la actualidad, Shawn es miembro integrante de la direcci\u00f3n comunitaria de la Greater Capital Region, que reivindica que las vidas de los negros importan y pide que se ponga fin a la brutalidad policial y a la violencia sancionada por el Estado. Como cofundador de All Of Us, Shawn ha dirigido acciones civiles, conversaciones comunitarias y ha facilitado el desarrollo del liderazgo de j\u00f3venes de toda la Regi\u00f3n Capital.&nbsp;<\/p>\n\n\n\n<p>Correo electr\u00f3nico de Shawn: syoung@bard.edu<\/p>\n\n\n\n<p><strong>Grupo de Acci\u00f3n Comunitaria All Of Us<\/strong><\/p>\n\n\n\n<p>Misi\u00f3n: Apoyar y fortalecer a las comunidades marginadas en la lucha por la Liberaci\u00f3n Negra y el fin de todas las formas de racismo, opresi\u00f3n y explotaci\u00f3n; uniendo a las personas por encima de las divisiones creadas socialmente.<\/p>\n\n\n\n<p>Visi\u00f3n: Imaginar, crear y utilizar sistemas de equidad y justicia en nuestras comunidades que no se basen en el castigo, la vigilancia policial y el estado carcelario.<\/p>\n\n\n\n<p>Para recibir correos electr\u00f3nicos de All of Us, visite <a href=\"https:\/\/bit.ly\/AllOfUsIn2022\">https:\/\/bit.ly\/AllOfUsIn2022<\/a><\/p>\n\n\n\n<p>Redes sociales en @UntitledAndFree<\/p>\n\n\n\n<p><a href=\"https:\/\/www.facebook.com\/UntitledAndFree\">https:\/\/www.facebook.com\/UntitledAndFree<\/a><\/p>\n\n\n\n<p><a href=\"https:\/\/www.instagram.com\/UntitledAndFree\">https:\/\/www.instagram.com\/UntitledAndFree<\/a><\/p>\n\n\n\n<p>Done a All Of Us en l\u00ednea en: <a href=\"https:\/\/bit.ly\/JusticeAndFreedomForAll\">https:\/\/bit.ly\/JusticeAndFreedomForAll<\/a><\/p>","protected":false},"featured_media":13393,"template":"","meta":{"_acf_changed":false,"_links_to":"","_links_to_target":""},"class_list":["post-13388","good-work-hour","type-good-work-hour","status-publish","has-post-thumbnail","hentry"],"acf":[],"yoast_head":"<!-- This site is optimized with the Yoast SEO plugin v27.3 - https:\/\/yoast.com\/product\/yoast-seo-wordpress\/ -->\n<title>Shawn Young: Driving racial justice and social equity through the Bard Prison Initiative and All of Us - Good Work Institute<\/title>\n<meta name=\"robots\" content=\"index, follow, max-snippet:-1, max-image-preview:large, max-video-preview:-1\" \/>\n<link rel=\"canonical\" href=\"https:\/\/goodworkinstitute.org\/es\/good-work-hour\/shawn-young-driving-racial-justice-and-social-equity-through-the-bard-prison-initiative-and-all-of-us\/\" \/>\n<meta property=\"og:locale\" content=\"es_MX\" \/>\n<meta property=\"og:type\" content=\"article\" \/>\n<meta property=\"og:title\" content=\"Shawn Young: Driving racial justice and social equity through the Bard Prison Initiative and All of Us - Good Work Institute\" \/>\n<meta property=\"og:description\" content=\"Co-hosts Terri and Susan welcome Shawn Young to the Good Work Hour. Shawn is the Co-founder of All Of Us Community Action Group, a Black-led grassroots organization and the Upstate Reentry Coordinator for Bard Prison Initiative(BPI), a program of Bard College that provides college education to people in prison and offers a network of support [&hellip;]\" \/>\n<meta property=\"og:url\" content=\"https:\/\/goodworkinstitute.org\/es\/good-work-hour\/shawn-young-driving-racial-justice-and-social-equity-through-the-bard-prison-initiative-and-all-of-us\/\" \/>\n<meta property=\"og:site_name\" content=\"Good Work Institute\" \/>\n<meta property=\"og:image\" content=\"https:\/\/goodworkinstitute.org\/wp-content\/uploads\/2022\/06\/Ep-82_Shawn-Young-scaled.jpg\" \/>\n\t<meta property=\"og:image:width\" content=\"1920\" \/>\n\t<meta property=\"og:image:height\" content=\"2560\" \/>\n\t<meta property=\"og:image:type\" content=\"image\/jpeg\" \/>\n<meta name=\"twitter:card\" content=\"summary_large_image\" \/>\n<meta name=\"twitter:label1\" content=\"Tiempo de lectura\" \/>\n\t<meta name=\"twitter:data1\" content=\"1 minuto\" \/>\n<script type=\"application\/ld+json\" class=\"yoast-schema-graph\">{\"@context\":\"https:\\\/\\\/schema.org\",\"@graph\":[{\"@type\":\"WebPage\",\"@id\":\"https:\\\/\\\/goodworkinstitute.org\\\/good-work-hour\\\/shawn-young-driving-racial-justice-and-social-equity-through-the-bard-prison-initiative-and-all-of-us\\\/\",\"url\":\"https:\\\/\\\/goodworkinstitute.org\\\/good-work-hour\\\/shawn-young-driving-racial-justice-and-social-equity-through-the-bard-prison-initiative-and-all-of-us\\\/\",\"name\":\"Shawn Young: Driving racial justice and social equity through the Bard Prison Initiative and All of Us - Good Work Institute\",\"isPartOf\":{\"@id\":\"https:\\\/\\\/goodworkinstitute.org\\\/#website\"},\"primaryImageOfPage\":{\"@id\":\"https:\\\/\\\/goodworkinstitute.org\\\/good-work-hour\\\/shawn-young-driving-racial-justice-and-social-equity-through-the-bard-prison-initiative-and-all-of-us\\\/#primaryimage\"},\"image\":{\"@id\":\"https:\\\/\\\/goodworkinstitute.org\\\/good-work-hour\\\/shawn-young-driving-racial-justice-and-social-equity-through-the-bard-prison-initiative-and-all-of-us\\\/#primaryimage\"},\"thumbnailUrl\":\"https:\\\/\\\/goodworkinstitute.org\\\/wp-content\\\/uploads\\\/2022\\\/06\\\/Ep-82_Shawn-Young-scaled.jpg\",\"datePublished\":\"2022-06-16T15:09:33+00:00\",\"breadcrumb\":{\"@id\":\"https:\\\/\\\/goodworkinstitute.org\\\/good-work-hour\\\/shawn-young-driving-racial-justice-and-social-equity-through-the-bard-prison-initiative-and-all-of-us\\\/#breadcrumb\"},\"inLanguage\":\"es\",\"potentialAction\":[{\"@type\":\"ReadAction\",\"target\":[\"https:\\\/\\\/goodworkinstitute.org\\\/good-work-hour\\\/shawn-young-driving-racial-justice-and-social-equity-through-the-bard-prison-initiative-and-all-of-us\\\/\"]}]},{\"@type\":\"ImageObject\",\"inLanguage\":\"es\",\"@id\":\"https:\\\/\\\/goodworkinstitute.org\\\/good-work-hour\\\/shawn-young-driving-racial-justice-and-social-equity-through-the-bard-prison-initiative-and-all-of-us\\\/#primaryimage\",\"url\":\"https:\\\/\\\/goodworkinstitute.org\\\/wp-content\\\/uploads\\\/2022\\\/06\\\/Ep-82_Shawn-Young-scaled.jpg\",\"contentUrl\":\"https:\\\/\\\/goodworkinstitute.org\\\/wp-content\\\/uploads\\\/2022\\\/06\\\/Ep-82_Shawn-Young-scaled.jpg\",\"width\":1920,\"height\":2560},{\"@type\":\"BreadcrumbList\",\"@id\":\"https:\\\/\\\/goodworkinstitute.org\\\/good-work-hour\\\/shawn-young-driving-racial-justice-and-social-equity-through-the-bard-prison-initiative-and-all-of-us\\\/#breadcrumb\",\"itemListElement\":[{\"@type\":\"ListItem\",\"position\":1,\"name\":\"Home\",\"item\":\"https:\\\/\\\/goodworkinstitute.org\\\/\"},{\"@type\":\"ListItem\",\"position\":2,\"name\":\"Good Work Hour\",\"item\":\"https:\\\/\\\/goodworkinstitute.org\\\/good-work-hour\\\/\"},{\"@type\":\"ListItem\",\"position\":3,\"name\":\"Shawn Young: Driving racial justice and social equity through the Bard Prison Initiative and All of Us\"}]},{\"@type\":\"WebSite\",\"@id\":\"https:\\\/\\\/goodworkinstitute.org\\\/#website\",\"url\":\"https:\\\/\\\/goodworkinstitute.org\\\/\",\"name\":\"Good Work Institute\",\"description\":\"Working towards Just Transition\",\"potentialAction\":[{\"@type\":\"SearchAction\",\"target\":{\"@type\":\"EntryPoint\",\"urlTemplate\":\"https:\\\/\\\/goodworkinstitute.org\\\/?s={search_term_string}\"},\"query-input\":{\"@type\":\"PropertyValueSpecification\",\"valueRequired\":true,\"valueName\":\"search_term_string\"}}],\"inLanguage\":\"es\"}]}<\/script>\n<!-- \/ Yoast SEO plugin. -->","yoast_head_json":{"title":"Shawn Young: Impulsar la justicia racial y la equidad social a trav\u00e9s de la Bard Prison Initiative y All of Us - Good Work Institute","robots":{"index":"index","follow":"follow","max-snippet":"max-snippet:-1","max-image-preview":"max-image-preview:large","max-video-preview":"max-video-preview:-1"},"canonical":"https:\/\/goodworkinstitute.org\/es\/good-work-hour\/shawn-young-driving-racial-justice-and-social-equity-through-the-bard-prison-initiative-and-all-of-us\/","og_locale":"es_MX","og_type":"article","og_title":"Shawn Young: Driving racial justice and social equity through the Bard Prison Initiative and All of Us - Good Work Institute","og_description":"Co-hosts Terri and Susan welcome Shawn Young to the Good Work Hour. Shawn is the Co-founder of All Of Us Community Action Group, a Black-led grassroots organization and the Upstate Reentry Coordinator for Bard Prison Initiative(BPI), a program of Bard College that provides college education to people in prison and offers a network of support [&hellip;]","og_url":"https:\/\/goodworkinstitute.org\/es\/good-work-hour\/shawn-young-driving-racial-justice-and-social-equity-through-the-bard-prison-initiative-and-all-of-us\/","og_site_name":"Good Work Institute","og_image":[{"width":1920,"height":2560,"url":"https:\/\/goodworkinstitute.org\/wp-content\/uploads\/2022\/06\/Ep-82_Shawn-Young-scaled.jpg","type":"image\/jpeg"}],"twitter_card":"summary_large_image","twitter_misc":{"Tiempo de lectura":"1 minuto"},"schema":{"@context":"https:\/\/schema.org","@graph":[{"@type":"WebPage","@id":"https:\/\/goodworkinstitute.org\/good-work-hour\/shawn-young-driving-racial-justice-and-social-equity-through-the-bard-prison-initiative-and-all-of-us\/","url":"https:\/\/goodworkinstitute.org\/good-work-hour\/shawn-young-driving-racial-justice-and-social-equity-through-the-bard-prison-initiative-and-all-of-us\/","name":"Shawn Young: Impulsar la justicia racial y la equidad social a trav\u00e9s de la Bard Prison Initiative y All of Us - Good Work Institute","isPartOf":{"@id":"https:\/\/goodworkinstitute.org\/#website"},"primaryImageOfPage":{"@id":"https:\/\/goodworkinstitute.org\/good-work-hour\/shawn-young-driving-racial-justice-and-social-equity-through-the-bard-prison-initiative-and-all-of-us\/#primaryimage"},"image":{"@id":"https:\/\/goodworkinstitute.org\/good-work-hour\/shawn-young-driving-racial-justice-and-social-equity-through-the-bard-prison-initiative-and-all-of-us\/#primaryimage"},"thumbnailUrl":"https:\/\/goodworkinstitute.org\/wp-content\/uploads\/2022\/06\/Ep-82_Shawn-Young-scaled.jpg","datePublished":"2022-06-16T15:09:33+00:00","breadcrumb":{"@id":"https:\/\/goodworkinstitute.org\/good-work-hour\/shawn-young-driving-racial-justice-and-social-equity-through-the-bard-prison-initiative-and-all-of-us\/#breadcrumb"},"inLanguage":"es","potentialAction":[{"@type":"ReadAction","target":["https:\/\/goodworkinstitute.org\/good-work-hour\/shawn-young-driving-racial-justice-and-social-equity-through-the-bard-prison-initiative-and-all-of-us\/"]}]},{"@type":"ImageObject","inLanguage":"es","@id":"https:\/\/goodworkinstitute.org\/good-work-hour\/shawn-young-driving-racial-justice-and-social-equity-through-the-bard-prison-initiative-and-all-of-us\/#primaryimage","url":"https:\/\/goodworkinstitute.org\/wp-content\/uploads\/2022\/06\/Ep-82_Shawn-Young-scaled.jpg","contentUrl":"https:\/\/goodworkinstitute.org\/wp-content\/uploads\/2022\/06\/Ep-82_Shawn-Young-scaled.jpg","width":1920,"height":2560},{"@type":"BreadcrumbList","@id":"https:\/\/goodworkinstitute.org\/good-work-hour\/shawn-young-driving-racial-justice-and-social-equity-through-the-bard-prison-initiative-and-all-of-us\/#breadcrumb","itemListElement":[{"@type":"ListItem","position":1,"name":"Home","item":"https:\/\/goodworkinstitute.org\/"},{"@type":"ListItem","position":2,"name":"Good Work Hour","item":"https:\/\/goodworkinstitute.org\/good-work-hour\/"},{"@type":"ListItem","position":3,"name":"Shawn Young: Driving racial justice and social equity through the Bard Prison Initiative and All of Us"}]},{"@type":"WebSite","@id":"https:\/\/goodworkinstitute.org\/#website","url":"https:\/\/goodworkinstitute.org\/","name":"Instituto del Buen Trabajo","description":"Hacia una transici\u00f3n justa","potentialAction":[{"@type":"SearchAction","target":{"@type":"EntryPoint","urlTemplate":"https:\/\/goodworkinstitute.org\/?s={search_term_string}"},"query-input":{"@type":"PropertyValueSpecification","valueRequired":true,"valueName":"search_term_string"}}],"inLanguage":"es"}]}},"_links":{"self":[{"href":"https:\/\/goodworkinstitute.org\/es\/wp-json\/wp\/v2\/good-work-hour\/13388","targetHints":{"allow":["GET"]}}],"collection":[{"href":"https:\/\/goodworkinstitute.org\/es\/wp-json\/wp\/v2\/good-work-hour"}],"about":[{"href":"https:\/\/goodworkinstitute.org\/es\/wp-json\/wp\/v2\/types\/good-work-hour"}],"version-history":[{"count":1,"href":"https:\/\/goodworkinstitute.org\/es\/wp-json\/wp\/v2\/good-work-hour\/13388\/revisions"}],"predecessor-version":[{"id":13392,"href":"https:\/\/goodworkinstitute.org\/es\/wp-json\/wp\/v2\/good-work-hour\/13388\/revisions\/13392"}],"wp:featuredmedia":[{"embeddable":true,"href":"https:\/\/goodworkinstitute.org\/es\/wp-json\/wp\/v2\/media\/13393"}],"wp:attachment":[{"href":"https:\/\/goodworkinstitute.org\/es\/wp-json\/wp\/v2\/media?parent=13388"}],"curies":[{"name":"wp","href":"https:\/\/api.w.org\/{rel}","templated":true}]}}

Shawn Young: Impulsar la justicia racial y la equidad social a través de la Bard Prison Initiative y All of Us.

<p>Las copresentadoras Terri y Susan dan la bienvenida a Shawn Young a la Hora del Buen Trabajo. Shawn es cofundador de All Of Us Community Action Group, una organización de base dirigida por negros, y coordinador de reinserción en el norte del estado para Bard Prison Initiative (BPI), un programa de Bard College que proporciona educación universitaria a personas en prisión y ofrece una red de apoyo a su regreso a la comunidad. La experiencia de Shawn incluye la organización comunitaria, el activismo y la defensa. En la actualidad, Shawn es miembro integrante de la dirección comunitaria de la Greater Capital Region, que reivindica que las vidas de los negros importan y pide que se ponga fin a la brutalidad policial y a la violencia sancionada por el Estado. Como cofundador de All Of Us, Shawn ha dirigido acciones civiles, conversaciones comunitarias y ha facilitado el desarrollo del liderazgo de jóvenes de toda la Región Capital.&nbsp;</p>



<p>Correo electrónico de Shawn: syoung@bard.edu</p>



<p><strong>Grupo de Acción Comunitaria All Of Us</strong></p>



<p>Misión: Apoyar y fortalecer a las comunidades marginadas en la lucha por la Liberación Negra y el fin de todas las formas de racismo, opresión y explotación; uniendo a las personas por encima de las divisiones creadas socialmente.</p>



<p>Visión: Imaginar, crear y utilizar sistemas de equidad y justicia en nuestras comunidades que no se basen en el castigo, la vigilancia policial y el estado carcelario.</p>



<p>Para recibir correos electrónicos de All of Us, visite <a href="https://bit.ly/AllOfUsIn2022">https://bit.ly/AllOfUsIn2022</a></p>



<p>Redes sociales en @UntitledAndFree</p>



<p><a href="https://www.facebook.com/UntitledAndFree">https://www.facebook.com/UntitledAndFree</a></p>



<p><a href="https://www.instagram.com/UntitledAndFree">https://www.instagram.com/UntitledAndFree</a></p>



<p>Done a All Of Us en línea en: <a href="https://bit.ly/JusticeAndFreedomForAll">https://bit.ly/JusticeAndFreedomForAll</a></p>

Shawn Young: Impulsar la justicia racial y la equidad social a través de la Bard Prison Initiative y All of Us - Good Work Institute

Hacia una transición justa
