{"id":7939,"date":"2021-05-12T16:17:42","date_gmt":"2021-05-12T16:17:42","guid":{"rendered":"https:\/\/goodworkinstitute.org\/?post_type=calendar2&#038;p=7939"},"modified":"2021-05-29T18:03:00","modified_gmt":"2021-05-29T18:03:00","slug":"developing-a-social-equity-practice-2","status":"publish","type":"events","link":"https:\/\/goodworkinstitute.org\/es\/events\/developing-a-social-equity-practice-2\/","title":{"rendered":"Desarrollar una pr\u00e1ctica de equidad social"},"content":{"rendered":"<p><strong>GWI se complace en ofrecerle esta oportunidad para ayudarle a comprometerse como aliado y a empoderarse como socio en la creaci\u00f3n de la equidad social.<\/strong><\/p>\n\n\n\n<p><strong><a href=\"https:\/\/www.eventbrite.com\/e\/developing-a-social-equity-practice-tickets-89127377385\">HAGA CLIC AQU\u00cd PARA INSCRIBIRSE<\/a><\/strong><\/p>\n\n\n\n<h2 class=\"wp-block-heading\">Acerca de este acto<\/h2>\n\n\n\n<p>A lo largo del fin de semana, se le invitar\u00e1 a lidiar con el poder, los privilegios y las diferencias, a desarrollar una pr\u00e1ctica de equidad social que pueda integrar en su Buen Trabajo, y a emerger con un marco claro para facilitar la concienciaci\u00f3n individual y organizativa sobre los cambios necesarios, las formas de trabajar hacia el cambio y los pr\u00f3ximos pasos a dar. El taller se basa en un marco que se ha ofrecido a dos cohortes de GWI Fellows y a miles de otras personas en los \u00faltimos 20 a\u00f1os y que ha sido perfeccionado por un equipo de facilitadores, incluidos los dos que guiar\u00e1n el fin de semana. Las experiencias que cada uno de nosotros aporta a este taller ser\u00e1n respetadas, ya que se nos invita a compartir nuestra sabidur\u00eda y a beneficiarnos de la sabidur\u00eda de los dem\u00e1s, dondequiera que nos encontremos en nuestro viaje de aprendizaje permanente hacia la consecuci\u00f3n de la equidad social.&nbsp;<\/p>\n\n\n\n<p>A trav\u00e9s de las lecturas previas al taller y las presentaciones, el intercambio de historias, los debates, los ejercicios y los v\u00eddeos durante el taller:&nbsp;<\/p>\n\n\n\n<ul class=\"wp-block-list\"><li>Desarrollar una comprensi\u00f3n m\u00e1s profunda de la equidad social a trav\u00e9s de una lente de identidad personal.<\/li><li>Integrar un marco y un lenguaje com\u00fan para abordar las cuestiones de poder, privilegio y diferencia.&nbsp;<\/li><li>Examinar c\u00f3mo las pr\u00e1cticas institucionales e individuales mantienen las desigualdades entre las personas y nos impiden desarrollar todo nuestro potencial.<\/li><li>Construir una comunidad de estudiantes comprometidos con la identificaci\u00f3n y aplicaci\u00f3n de estrategias pr\u00e1cticas para crear un cambio colectivo.&nbsp;<\/li><\/ul>","protected":false},"excerpt":{"rendered":"<p>GWI is excited to offer this opportunity to support you in becoming engaged as an ally and empowered as a partner in creating social equity! CLICK HERE TO REGISTER About this Event Over the course of the weekend, you will be invited to grapple with power, privilege and difference, develop a social equity practice you [&hellip;]<\/p>\n","protected":false},"featured_media":2598,"parent":0,"template":"","meta":{"_acf_changed":false,"_links_to":"","_links_to_target":""},"on-or-off-event-list":[],"event-category":[109],"class_list":["post-7939","events","type-events","status-publish","has-post-thumbnail","hentry","event-category-gwi-workshop"],"acf":[],"yoast_head":"<!-- This site is optimized with the Yoast SEO plugin v27.3 - https:\/\/yoast.com\/product\/yoast-seo-wordpress\/ -->\n<title>Developing a Social Equity Practice - Good Work Institute<\/title>\n<meta name=\"robots\" content=\"index, follow, max-snippet:-1, max-image-preview:large, max-video-preview:-1\" \/>\n<link rel=\"canonical\" href=\"https:\/\/goodworkinstitute.org\/es\/events\/developing-a-social-equity-practice-2\/\" \/>\n<meta property=\"og:locale\" content=\"es_MX\" \/>\n<meta property=\"og:type\" content=\"article\" \/>\n<meta property=\"og:title\" content=\"Developing a Social Equity Practice - Good Work Institute\" \/>\n<meta property=\"og:description\" content=\"GWI is excited to offer this opportunity to support you in becoming engaged as an ally and empowered as a partner in creating social equity! CLICK HERE TO REGISTER About this Event Over the course of the weekend, you will be invited to grapple with power, privilege and difference, develop a social equity practice you [&hellip;]\" \/>\n<meta property=\"og:url\" content=\"https:\/\/goodworkinstitute.org\/es\/events\/developing-a-social-equity-practice-2\/\" \/>\n<meta property=\"og:site_name\" content=\"Good Work Institute\" \/>\n<meta property=\"article:modified_time\" content=\"2021-05-29T18:03:00+00:00\" \/>\n<meta property=\"og:image\" content=\"https:\/\/goodworkinstitute.org\/wp-content\/uploads\/2020\/01\/20180301_153831-scaled.jpg\" \/>\n\t<meta property=\"og:image:width\" content=\"2560\" \/>\n\t<meta property=\"og:image:height\" content=\"1920\" \/>\n\t<meta property=\"og:image:type\" content=\"image\/jpeg\" \/>\n<meta name=\"twitter:card\" content=\"summary_large_image\" \/>\n<meta name=\"twitter:label1\" content=\"Tiempo de lectura\" \/>\n\t<meta name=\"twitter:data1\" content=\"1 minuto\" \/>\n<script type=\"application\/ld+json\" class=\"yoast-schema-graph\">{\"@context\":\"https:\\\/\\\/schema.org\",\"@graph\":[{\"@type\":\"WebPage\",\"@id\":\"https:\\\/\\\/goodworkinstitute.org\\\/events\\\/developing-a-social-equity-practice-2\\\/\",\"url\":\"https:\\\/\\\/goodworkinstitute.org\\\/events\\\/developing-a-social-equity-practice-2\\\/\",\"name\":\"Developing a Social Equity Practice - Good Work Institute\",\"isPartOf\":{\"@id\":\"https:\\\/\\\/goodworkinstitute.org\\\/#website\"},\"primaryImageOfPage\":{\"@id\":\"https:\\\/\\\/goodworkinstitute.org\\\/events\\\/developing-a-social-equity-practice-2\\\/#primaryimage\"},\"image\":{\"@id\":\"https:\\\/\\\/goodworkinstitute.org\\\/events\\\/developing-a-social-equity-practice-2\\\/#primaryimage\"},\"thumbnailUrl\":\"https:\\\/\\\/goodworkinstitute.org\\\/wp-content\\\/uploads\\\/2020\\\/01\\\/20180301_153831-scaled.jpg\",\"datePublished\":\"2021-05-12T16:17:42+00:00\",\"dateModified\":\"2021-05-29T18:03:00+00:00\",\"breadcrumb\":{\"@id\":\"https:\\\/\\\/goodworkinstitute.org\\\/events\\\/developing-a-social-equity-practice-2\\\/#breadcrumb\"},\"inLanguage\":\"es\",\"potentialAction\":[{\"@type\":\"ReadAction\",\"target\":[\"https:\\\/\\\/goodworkinstitute.org\\\/events\\\/developing-a-social-equity-practice-2\\\/\"]}]},{\"@type\":\"ImageObject\",\"inLanguage\":\"es\",\"@id\":\"https:\\\/\\\/goodworkinstitute.org\\\/events\\\/developing-a-social-equity-practice-2\\\/#primaryimage\",\"url\":\"https:\\\/\\\/goodworkinstitute.org\\\/wp-content\\\/uploads\\\/2020\\\/01\\\/20180301_153831-scaled.jpg\",\"contentUrl\":\"https:\\\/\\\/goodworkinstitute.org\\\/wp-content\\\/uploads\\\/2020\\\/01\\\/20180301_153831-scaled.jpg\",\"width\":2560,\"height\":1920},{\"@type\":\"BreadcrumbList\",\"@id\":\"https:\\\/\\\/goodworkinstitute.org\\\/events\\\/developing-a-social-equity-practice-2\\\/#breadcrumb\",\"itemListElement\":[{\"@type\":\"ListItem\",\"position\":1,\"name\":\"Home\",\"item\":\"https:\\\/\\\/goodworkinstitute.org\\\/\"},{\"@type\":\"ListItem\",\"position\":2,\"name\":\"Calendar2\",\"item\":\"https:\\\/\\\/goodworkinstitute.org\\\/events\\\/\"},{\"@type\":\"ListItem\",\"position\":3,\"name\":\"Developing a Social Equity Practice\"}]},{\"@type\":\"WebSite\",\"@id\":\"https:\\\/\\\/goodworkinstitute.org\\\/#website\",\"url\":\"https:\\\/\\\/goodworkinstitute.org\\\/\",\"name\":\"Good Work Institute\",\"description\":\"Working towards Just Transition\",\"potentialAction\":[{\"@type\":\"SearchAction\",\"target\":{\"@type\":\"EntryPoint\",\"urlTemplate\":\"https:\\\/\\\/goodworkinstitute.org\\\/?s={search_term_string}\"},\"query-input\":{\"@type\":\"PropertyValueSpecification\",\"valueRequired\":true,\"valueName\":\"search_term_string\"}}],\"inLanguage\":\"es\"}]}<\/script>\n<!-- \/ Yoast SEO plugin. -->","yoast_head_json":{"title":"Desarrollar una pr\u00e1ctica de equidad social - Instituto del Buen Trabajo","robots":{"index":"index","follow":"follow","max-snippet":"max-snippet:-1","max-image-preview":"max-image-preview:large","max-video-preview":"max-video-preview:-1"},"canonical":"https:\/\/goodworkinstitute.org\/es\/events\/developing-a-social-equity-practice-2\/","og_locale":"es_MX","og_type":"article","og_title":"Developing a Social Equity Practice - Good Work Institute","og_description":"GWI is excited to offer this opportunity to support you in becoming engaged as an ally and empowered as a partner in creating social equity! CLICK HERE TO REGISTER About this Event Over the course of the weekend, you will be invited to grapple with power, privilege and difference, develop a social equity practice you [&hellip;]","og_url":"https:\/\/goodworkinstitute.org\/es\/events\/developing-a-social-equity-practice-2\/","og_site_name":"Good Work Institute","article_modified_time":"2021-05-29T18:03:00+00:00","og_image":[{"width":2560,"height":1920,"url":"https:\/\/goodworkinstitute.org\/wp-content\/uploads\/2020\/01\/20180301_153831-scaled.jpg","type":"image\/jpeg"}],"twitter_card":"summary_large_image","twitter_misc":{"Tiempo de lectura":"1 minuto"},"schema":{"@context":"https:\/\/schema.org","@graph":[{"@type":"WebPage","@id":"https:\/\/goodworkinstitute.org\/events\/developing-a-social-equity-practice-2\/","url":"https:\/\/goodworkinstitute.org\/events\/developing-a-social-equity-practice-2\/","name":"Desarrollar una pr\u00e1ctica de equidad social - Instituto del Buen Trabajo","isPartOf":{"@id":"https:\/\/goodworkinstitute.org\/#website"},"primaryImageOfPage":{"@id":"https:\/\/goodworkinstitute.org\/events\/developing-a-social-equity-practice-2\/#primaryimage"},"image":{"@id":"https:\/\/goodworkinstitute.org\/events\/developing-a-social-equity-practice-2\/#primaryimage"},"thumbnailUrl":"https:\/\/goodworkinstitute.org\/wp-content\/uploads\/2020\/01\/20180301_153831-scaled.jpg","datePublished":"2021-05-12T16:17:42+00:00","dateModified":"2021-05-29T18:03:00+00:00","breadcrumb":{"@id":"https:\/\/goodworkinstitute.org\/events\/developing-a-social-equity-practice-2\/#breadcrumb"},"inLanguage":"es","potentialAction":[{"@type":"ReadAction","target":["https:\/\/goodworkinstitute.org\/events\/developing-a-social-equity-practice-2\/"]}]},{"@type":"ImageObject","inLanguage":"es","@id":"https:\/\/goodworkinstitute.org\/events\/developing-a-social-equity-practice-2\/#primaryimage","url":"https:\/\/goodworkinstitute.org\/wp-content\/uploads\/2020\/01\/20180301_153831-scaled.jpg","contentUrl":"https:\/\/goodworkinstitute.org\/wp-content\/uploads\/2020\/01\/20180301_153831-scaled.jpg","width":2560,"height":1920},{"@type":"BreadcrumbList","@id":"https:\/\/goodworkinstitute.org\/events\/developing-a-social-equity-practice-2\/#breadcrumb","itemListElement":[{"@type":"ListItem","position":1,"name":"Home","item":"https:\/\/goodworkinstitute.org\/"},{"@type":"ListItem","position":2,"name":"Calendar2","item":"https:\/\/goodworkinstitute.org\/events\/"},{"@type":"ListItem","position":3,"name":"Developing a Social Equity Practice"}]},{"@type":"WebSite","@id":"https:\/\/goodworkinstitute.org\/#website","url":"https:\/\/goodworkinstitute.org\/","name":"Instituto del Buen Trabajo","description":"Hacia una transici\u00f3n justa","potentialAction":[{"@type":"SearchAction","target":{"@type":"EntryPoint","urlTemplate":"https:\/\/goodworkinstitute.org\/?s={search_term_string}"},"query-input":{"@type":"PropertyValueSpecification","valueRequired":true,"valueName":"search_term_string"}}],"inLanguage":"es"}]}},"_links":{"self":[{"href":"https:\/\/goodworkinstitute.org\/es\/wp-json\/wp\/v2\/events\/7939","targetHints":{"allow":["GET"]}}],"collection":[{"href":"https:\/\/goodworkinstitute.org\/es\/wp-json\/wp\/v2\/events"}],"about":[{"href":"https:\/\/goodworkinstitute.org\/es\/wp-json\/wp\/v2\/types\/events"}],"wp:featuredmedia":[{"embeddable":true,"href":"https:\/\/goodworkinstitute.org\/es\/wp-json\/wp\/v2\/media\/2598"}],"wp:attachment":[{"href":"https:\/\/goodworkinstitute.org\/es\/wp-json\/wp\/v2\/media?parent=7939"}],"wp:term":[{"taxonomy":"on-or-off-event-list","embeddable":true,"href":"https:\/\/goodworkinstitute.org\/es\/wp-json\/wp\/v2\/on-or-off-event-list?post=7939"},{"taxonomy":"event-category","embeddable":true,"href":"https:\/\/goodworkinstitute.org\/es\/wp-json\/wp\/v2\/event-category?post=7939"}],"curies":[{"name":"wp","href":"https:\/\/api.w.org\/{rel}","templated":true}]}}

Desarrollar una práctica de equidad social

<p><strong>GWI se complace en ofrecerle esta oportunidad para ayudarle a comprometerse como aliado y a empoderarse como socio en la creación de la equidad social.</strong></p>



<p><strong><a href="https://www.eventbrite.com/e/developing-a-social-equity-practice-tickets-89127377385">HAGA CLIC AQUÍ PARA INSCRIBIRSE</a></strong></p>



<h2 class="wp-block-heading">Acerca de este acto</h2>



<p>A lo largo del fin de semana, se le invitará a lidiar con el poder, los privilegios y las diferencias, a desarrollar una práctica de equidad social que pueda integrar en su Buen Trabajo, y a emerger con un marco claro para facilitar la concienciación individual y organizativa sobre los cambios necesarios, las formas de trabajar hacia el cambio y los próximos pasos a dar. El taller se basa en un marco que se ha ofrecido a dos cohortes de GWI Fellows y a miles de otras personas en los últimos 20 años y que ha sido perfeccionado por un equipo de facilitadores, incluidos los dos que guiarán el fin de semana. Las experiencias que cada uno de nosotros aporta a este taller serán respetadas, ya que se nos invita a compartir nuestra sabiduría y a beneficiarnos de la sabiduría de los demás, dondequiera que nos encontremos en nuestro viaje de aprendizaje permanente hacia la consecución de la equidad social.&nbsp;</p>



<p>A través de las lecturas previas al taller y las presentaciones, el intercambio de historias, los debates, los ejercicios y los vídeos durante el taller:&nbsp;</p>



<ul class="wp-block-list"><li>Desarrollar una comprensión más profunda de la equidad social a través de una lente de identidad personal.</li><li>Integrar un marco y un lenguaje común para abordar las cuestiones de poder, privilegio y diferencia.&nbsp;</li><li>Examinar cómo las prácticas institucionales e individuales mantienen las desigualdades entre las personas y nos impiden desarrollar todo nuestro potencial.</li><li>Construir una comunidad de estudiantes comprometidos con la identificación y aplicación de estrategias prácticas para crear un cambio colectivo.&nbsp;</li></ul>

Desarrollar una práctica de equidad social - Instituto del Buen Trabajo

Hacia una transición justa
