{"id":7931,"date":"2021-05-12T16:08:10","date_gmt":"2021-05-12T16:08:10","guid":{"rendered":"https:\/\/goodworkinstitute.org\/?post_type=calendar2&#038;p=7931"},"modified":"2022-05-02T13:32:18","modified_gmt":"2022-05-02T17:32:18","slug":"radical-mindfulness-2","status":"publish","type":"events","link":"https:\/\/goodworkinstitute.org\/es\/events\/radical-mindfulness-2\/","title":{"rendered":"Atenci\u00f3n Plena Radical"},"content":{"rendered":"<p><strong>\u00bfTe interesa la pr\u00e1ctica de la atenci\u00f3n plena como v\u00eda para el cambio social? \u00bfDispuesto a examinar tu propia capacidad para el cambio y la paz?<\/strong><\/p>\n\n\n\n<h2 class=\"wp-block-heading\">Acerca de este acto<\/h2>\n\n\n\n<p><strong><a href=\"https:\/\/www.eventbrite.com\/e\/radical-mindfulness-tickets-105290992192\">Haga clic aqu\u00ed para inscribirse.<\/a><\/strong><\/p>\n\n\n\n<p><em>\"Decimos que queremos la paz en el mundo, pero nosotros mismos no somos pac\u00edficos\".<\/em>&nbsp;-Shri Shiva Rudra Balayogi.<\/p>\n\n\n\n<p>Acomp\u00e1\u00f1anos en un taller sobre la Transici\u00f3n Justa como pr\u00e1ctica de la atenci\u00f3n plena. Para desmantelar los sistemas de opresi\u00f3n que existen en el mundo debemos enfrentarnos a los sistemas de opresi\u00f3n que viven dentro de nosotros. Esto requiere atenci\u00f3n plena y el cultivo de la paz interior.<\/p>\n\n\n\n<p>GWI se centra en la Transici\u00f3n Justa (JT) en el Valle del Hudson. La atenci\u00f3n plena es una herramienta de la JT. Para conseguir una Transici\u00f3n Justa tenemos que empezar por nosotros mismos. Esto requiere atenci\u00f3n plena: prestar atenci\u00f3n a prop\u00f3sito, en el momento presente, sin juzgar. Exploraremos lo que esto significa, c\u00f3mo se manifiesta en nosotros mismos y c\u00f3mo otros est\u00e1n incorporando la atenci\u00f3n plena a su trabajo para cambiar el mundo. Y, lo que es m\u00e1s importante, practicaremos.<\/p>","protected":false},"excerpt":{"rendered":"<p>Interested in the practice of mindfulness as a path to social change? Willing to take a look at your own capacity for change and peace? About this Event Click here to register. \u201cWe say we want peace in the world, yet we\u2019re not peaceful ourselves.\u201d&nbsp;-Shri Shiva Rudra Balayogi. Join us for a workshop on Just [&hellip;]<\/p>\n","protected":false},"featured_media":7630,"parent":0,"template":"","meta":{"_acf_changed":false,"_links_to":"","_links_to_target":""},"on-or-off-event-list":[],"event-category":[109],"class_list":["post-7931","events","type-events","status-publish","has-post-thumbnail","hentry","event-category-gwi-workshop"],"acf":[],"yoast_head":"<!-- This site is optimized with the Yoast SEO plugin v27.3 - https:\/\/yoast.com\/product\/yoast-seo-wordpress\/ -->\n<title>Radical Mindfulness - Good Work Institute<\/title>\n<meta name=\"robots\" content=\"index, follow, max-snippet:-1, max-image-preview:large, max-video-preview:-1\" \/>\n<link rel=\"canonical\" href=\"https:\/\/goodworkinstitute.org\/es\/events\/radical-mindfulness-2\/\" \/>\n<meta property=\"og:locale\" content=\"es_MX\" \/>\n<meta property=\"og:type\" content=\"article\" \/>\n<meta property=\"og:title\" content=\"Radical Mindfulness - Good Work Institute\" \/>\n<meta property=\"og:description\" content=\"Interested in the practice of mindfulness as a path to social change? Willing to take a look at your own capacity for change and peace? About this Event Click here to register. \u201cWe say we want peace in the world, yet we\u2019re not peaceful ourselves.\u201d&nbsp;-Shri Shiva Rudra Balayogi. Join us for a workshop on Just [&hellip;]\" \/>\n<meta property=\"og:url\" content=\"https:\/\/goodworkinstitute.org\/es\/events\/radical-mindfulness-2\/\" \/>\n<meta property=\"og:site_name\" content=\"Good Work Institute\" \/>\n<meta property=\"article:modified_time\" content=\"2022-05-02T17:32:18+00:00\" \/>\n<meta property=\"og:image\" content=\"https:\/\/goodworkinstitute.org\/wp-content\/uploads\/2021\/05\/https___cdn.evbuc_.com_images_100905908_295116991731_1_original.jpeg\" \/>\n\t<meta property=\"og:image:width\" content=\"800\" \/>\n\t<meta property=\"og:image:height\" content=\"400\" \/>\n\t<meta property=\"og:image:type\" content=\"image\/jpeg\" \/>\n<meta name=\"twitter:card\" content=\"summary_large_image\" \/>\n<meta name=\"twitter:label1\" content=\"Tiempo de lectura\" \/>\n\t<meta name=\"twitter:data1\" content=\"1 minuto\" \/>\n<script type=\"application\/ld+json\" class=\"yoast-schema-graph\">{\"@context\":\"https:\\\/\\\/schema.org\",\"@graph\":[{\"@type\":\"WebPage\",\"@id\":\"https:\\\/\\\/goodworkinstitute.org\\\/events\\\/radical-mindfulness-2\\\/\",\"url\":\"https:\\\/\\\/goodworkinstitute.org\\\/events\\\/radical-mindfulness-2\\\/\",\"name\":\"Radical Mindfulness - Good Work Institute\",\"isPartOf\":{\"@id\":\"https:\\\/\\\/goodworkinstitute.org\\\/#website\"},\"primaryImageOfPage\":{\"@id\":\"https:\\\/\\\/goodworkinstitute.org\\\/events\\\/radical-mindfulness-2\\\/#primaryimage\"},\"image\":{\"@id\":\"https:\\\/\\\/goodworkinstitute.org\\\/events\\\/radical-mindfulness-2\\\/#primaryimage\"},\"thumbnailUrl\":\"https:\\\/\\\/goodworkinstitute.org\\\/wp-content\\\/uploads\\\/2021\\\/05\\\/https___cdn.evbuc_.com_images_100905908_295116991731_1_original.jpeg\",\"datePublished\":\"2021-05-12T16:08:10+00:00\",\"dateModified\":\"2022-05-02T17:32:18+00:00\",\"breadcrumb\":{\"@id\":\"https:\\\/\\\/goodworkinstitute.org\\\/events\\\/radical-mindfulness-2\\\/#breadcrumb\"},\"inLanguage\":\"es\",\"potentialAction\":[{\"@type\":\"ReadAction\",\"target\":[\"https:\\\/\\\/goodworkinstitute.org\\\/events\\\/radical-mindfulness-2\\\/\"]}]},{\"@type\":\"ImageObject\",\"inLanguage\":\"es\",\"@id\":\"https:\\\/\\\/goodworkinstitute.org\\\/events\\\/radical-mindfulness-2\\\/#primaryimage\",\"url\":\"https:\\\/\\\/goodworkinstitute.org\\\/wp-content\\\/uploads\\\/2021\\\/05\\\/https___cdn.evbuc_.com_images_100905908_295116991731_1_original.jpeg\",\"contentUrl\":\"https:\\\/\\\/goodworkinstitute.org\\\/wp-content\\\/uploads\\\/2021\\\/05\\\/https___cdn.evbuc_.com_images_100905908_295116991731_1_original.jpeg\",\"width\":800,\"height\":400},{\"@type\":\"BreadcrumbList\",\"@id\":\"https:\\\/\\\/goodworkinstitute.org\\\/events\\\/radical-mindfulness-2\\\/#breadcrumb\",\"itemListElement\":[{\"@type\":\"ListItem\",\"position\":1,\"name\":\"Home\",\"item\":\"https:\\\/\\\/goodworkinstitute.org\\\/\"},{\"@type\":\"ListItem\",\"position\":2,\"name\":\"Calendar2\",\"item\":\"https:\\\/\\\/goodworkinstitute.org\\\/events\\\/\"},{\"@type\":\"ListItem\",\"position\":3,\"name\":\"Radical Mindfulness\"}]},{\"@type\":\"WebSite\",\"@id\":\"https:\\\/\\\/goodworkinstitute.org\\\/#website\",\"url\":\"https:\\\/\\\/goodworkinstitute.org\\\/\",\"name\":\"Good Work Institute\",\"description\":\"Working towards Just Transition\",\"potentialAction\":[{\"@type\":\"SearchAction\",\"target\":{\"@type\":\"EntryPoint\",\"urlTemplate\":\"https:\\\/\\\/goodworkinstitute.org\\\/?s={search_term_string}\"},\"query-input\":{\"@type\":\"PropertyValueSpecification\",\"valueRequired\":true,\"valueName\":\"search_term_string\"}}],\"inLanguage\":\"es\"}]}<\/script>\n<!-- \/ Yoast SEO plugin. -->","yoast_head_json":{"title":"Mindfulness radical - Instituto del Buen Trabajo","robots":{"index":"index","follow":"follow","max-snippet":"max-snippet:-1","max-image-preview":"max-image-preview:large","max-video-preview":"max-video-preview:-1"},"canonical":"https:\/\/goodworkinstitute.org\/es\/events\/radical-mindfulness-2\/","og_locale":"es_MX","og_type":"article","og_title":"Radical Mindfulness - Good Work Institute","og_description":"Interested in the practice of mindfulness as a path to social change? Willing to take a look at your own capacity for change and peace? About this Event Click here to register. \u201cWe say we want peace in the world, yet we\u2019re not peaceful ourselves.\u201d&nbsp;-Shri Shiva Rudra Balayogi. Join us for a workshop on Just [&hellip;]","og_url":"https:\/\/goodworkinstitute.org\/es\/events\/radical-mindfulness-2\/","og_site_name":"Good Work Institute","article_modified_time":"2022-05-02T17:32:18+00:00","og_image":[{"width":800,"height":400,"url":"https:\/\/goodworkinstitute.org\/wp-content\/uploads\/2021\/05\/https___cdn.evbuc_.com_images_100905908_295116991731_1_original.jpeg","type":"image\/jpeg"}],"twitter_card":"summary_large_image","twitter_misc":{"Tiempo de lectura":"1 minuto"},"schema":{"@context":"https:\/\/schema.org","@graph":[{"@type":"WebPage","@id":"https:\/\/goodworkinstitute.org\/events\/radical-mindfulness-2\/","url":"https:\/\/goodworkinstitute.org\/events\/radical-mindfulness-2\/","name":"Mindfulness radical - Instituto del Buen Trabajo","isPartOf":{"@id":"https:\/\/goodworkinstitute.org\/#website"},"primaryImageOfPage":{"@id":"https:\/\/goodworkinstitute.org\/events\/radical-mindfulness-2\/#primaryimage"},"image":{"@id":"https:\/\/goodworkinstitute.org\/events\/radical-mindfulness-2\/#primaryimage"},"thumbnailUrl":"https:\/\/goodworkinstitute.org\/wp-content\/uploads\/2021\/05\/https___cdn.evbuc_.com_images_100905908_295116991731_1_original.jpeg","datePublished":"2021-05-12T16:08:10+00:00","dateModified":"2022-05-02T17:32:18+00:00","breadcrumb":{"@id":"https:\/\/goodworkinstitute.org\/events\/radical-mindfulness-2\/#breadcrumb"},"inLanguage":"es","potentialAction":[{"@type":"ReadAction","target":["https:\/\/goodworkinstitute.org\/events\/radical-mindfulness-2\/"]}]},{"@type":"ImageObject","inLanguage":"es","@id":"https:\/\/goodworkinstitute.org\/events\/radical-mindfulness-2\/#primaryimage","url":"https:\/\/goodworkinstitute.org\/wp-content\/uploads\/2021\/05\/https___cdn.evbuc_.com_images_100905908_295116991731_1_original.jpeg","contentUrl":"https:\/\/goodworkinstitute.org\/wp-content\/uploads\/2021\/05\/https___cdn.evbuc_.com_images_100905908_295116991731_1_original.jpeg","width":800,"height":400},{"@type":"BreadcrumbList","@id":"https:\/\/goodworkinstitute.org\/events\/radical-mindfulness-2\/#breadcrumb","itemListElement":[{"@type":"ListItem","position":1,"name":"Home","item":"https:\/\/goodworkinstitute.org\/"},{"@type":"ListItem","position":2,"name":"Calendar2","item":"https:\/\/goodworkinstitute.org\/events\/"},{"@type":"ListItem","position":3,"name":"Radical Mindfulness"}]},{"@type":"WebSite","@id":"https:\/\/goodworkinstitute.org\/#website","url":"https:\/\/goodworkinstitute.org\/","name":"Instituto del Buen Trabajo","description":"Hacia una transici\u00f3n justa","potentialAction":[{"@type":"SearchAction","target":{"@type":"EntryPoint","urlTemplate":"https:\/\/goodworkinstitute.org\/?s={search_term_string}"},"query-input":{"@type":"PropertyValueSpecification","valueRequired":true,"valueName":"search_term_string"}}],"inLanguage":"es"}]}},"_links":{"self":[{"href":"https:\/\/goodworkinstitute.org\/es\/wp-json\/wp\/v2\/events\/7931","targetHints":{"allow":["GET"]}}],"collection":[{"href":"https:\/\/goodworkinstitute.org\/es\/wp-json\/wp\/v2\/events"}],"about":[{"href":"https:\/\/goodworkinstitute.org\/es\/wp-json\/wp\/v2\/types\/events"}],"wp:featuredmedia":[{"embeddable":true,"href":"https:\/\/goodworkinstitute.org\/es\/wp-json\/wp\/v2\/media\/7630"}],"wp:attachment":[{"href":"https:\/\/goodworkinstitute.org\/es\/wp-json\/wp\/v2\/media?parent=7931"}],"wp:term":[{"taxonomy":"on-or-off-event-list","embeddable":true,"href":"https:\/\/goodworkinstitute.org\/es\/wp-json\/wp\/v2\/on-or-off-event-list?post=7931"},{"taxonomy":"event-category","embeddable":true,"href":"https:\/\/goodworkinstitute.org\/es\/wp-json\/wp\/v2\/event-category?post=7931"}],"curies":[{"name":"wp","href":"https:\/\/api.w.org\/{rel}","templated":true}]}}

Atención Plena Radical

<p><strong>¿Te interesa la práctica de la atención plena como vía para el cambio social? ¿Dispuesto a examinar tu propia capacidad para el cambio y la paz?</strong></p>



<h2 class="wp-block-heading">Acerca de este acto</h2>



<p><strong><a href="https://www.eventbrite.com/e/radical-mindfulness-tickets-105290992192">Haga clic aquí para inscribirse.</a></strong></p>



<p><em>"Decimos que queremos la paz en el mundo, pero nosotros mismos no somos pacíficos".</em>&nbsp;-Shri Shiva Rudra Balayogi.</p>



<p>Acompáñanos en un taller sobre la Transición Justa como práctica de la atención plena. Para desmantelar los sistemas de opresión que existen en el mundo debemos enfrentarnos a los sistemas de opresión que viven dentro de nosotros. Esto requiere atención plena y el cultivo de la paz interior.</p>



<p>GWI se centra en la Transición Justa (JT) en el Valle del Hudson. La atención plena es una herramienta de la JT. Para conseguir una Transición Justa tenemos que empezar por nosotros mismos. Esto requiere atención plena: prestar atención a propósito, en el momento presente, sin juzgar. Exploraremos lo que esto significa, cómo se manifiesta en nosotros mismos y cómo otros están incorporando la atención plena a su trabajo para cambiar el mundo. Y, lo que es más importante, practicaremos.</p>

Hacia una transición justa
