{"id":7608,"date":"2021-05-05T19:59:20","date_gmt":"2021-05-05T19:59:20","guid":{"rendered":"https:\/\/goodworkinstitute.org\/?post_type=calendar2&#038;p=7608"},"modified":"2021-05-29T18:29:56","modified_gmt":"2021-05-29T18:29:56","slug":"spaces-intended-for-us-reflecting-on-an-african-american-experience","status":"publish","type":"events","link":"https:\/\/goodworkinstitute.org\/es\/events\/spaces-intended-for-us-reflecting-on-an-african-american-experience\/","title":{"rendered":"Espacios destinados a nosotros: Reflexiones sobre una experiencia afroamericana"},"content":{"rendered":"<p><strong>Una exploraci\u00f3n personalizada de la motivaci\u00f3n y los medios para atender a la equidad social en los espacios que creamos en nuestro trabajo y en nuestras vidas.<\/strong><\/p>\n\n\n\n<p><strong><a href=\"https:\/\/www.eventbrite.com\/e\/137691668487\" target=\"_blank\" rel=\"noreferrer noopener\">HAGA CLIC AQU\u00cd PARA INSCRIBIRSE<\/a><\/strong><\/p>\n\n\n\n<h2 class=\"wp-block-heading\" id=\"block-3f19e1c4-ff71-4114-9466-fe3ed9bfa5a6\">Acerca de este acto<\/h2>\n\n\n\n<p id=\"block-ed22a74d-cf7a-41d4-bc35-fbed8f7fc346\">\u00bfC\u00f3mo navega por Am\u00e9rica una persona negra? \u00bfC\u00f3mo podemos tomarnos el tiempo de considerar qu\u00e9 es lo que realmente hace que una persona afroamericana se sienta segura, vista y celebrada? Micah comparte su propia historia personal sobre c\u00f3mo navegar por un paisaje de racismo y nos pregunta qu\u00e9 papel estamos dispuestos a desempe\u00f1ar y qu\u00e9 acciones estamos dispuestos a emprender para crear equidad en nuestras vidas, nuestro trabajo y nuestra comunidad.<\/p>\n\n\n\n<p id=\"block-45d211f0-5f26-498c-90cb-29036079e238\">Hay una gran diferencia entre afirmar que su instituci\u00f3n u organizaci\u00f3n es \"bienvenida a todos\" frente a \"este espacio est\u00e1 pensado para usted\". Lo primero permite que la gente sepa que cualquiera puede entrar por las puertas, pero no significa necesariamente que los principios, las pol\u00edticas o la misi\u00f3n sean inclusivos para ellos. La segunda afirma claramente que si alguien entra en el espacio, en su creaci\u00f3n se ha prestado atenci\u00f3n y se ha tenido la intenci\u00f3n de tener en cuenta las necesidades de toda la gama de identidades humanas que con demasiada frecuencia quedan relegadas a los m\u00e1rgenes, ya sean Latinx, negros u otras personas de color; LGBTQ+; personas con necesidades de accesibilidad; inmigrantes; ancianos; etc.<\/p>\n\n\n\n<p id=\"block-45c95ee9-c11c-4ec7-830e-9479b212e63e\">En este taller se entrelazar\u00e1n hilos de mindfulness, medios de comunicaci\u00f3n concretos, ficci\u00f3n y, lo que es m\u00e1s importante, historias personales; y reflexiones suscitadas por estas historias y por preguntas sobre tus propias experiencias. Esta trama de considerar los aspectos universales de la narrativa, centrar nuestra atenci\u00f3n en el momento presente, y sintonizar con nuestros pensamientos y preguntas, estimular\u00e1 nuestra exploraci\u00f3n y di\u00e1logo sobre lo que es; lo que podr\u00eda significar crear espacios destinados a todos nosotros; y lo que significar\u00eda para nuestro propio buen hacer comprometernos a tomar medidas para conseguirlo.<\/p>\n\n\n\n<p id=\"block-ca64fd4e-b64a-4807-a4a6-e5757a7f76f0\">Este taller forma parte de una serie en la que comisarios y narradores de diferentes grupos marginados comparten sus historias personales con el fin de provocar que los oyentes se pregunten \"\u00bfqu\u00e9 cambios puedo hacer en mi vida, en mis comunidades y en mis organizaciones para que los espacios creados sean realmente para todos?\".<\/p>","protected":false},"excerpt":{"rendered":"<p>A personalized exploration of motivation and means to attend to social equity in the spaces we create in our work and lives. CLICK HERE TO REGISTER About this Event What is it like for a Black person to navigate America? How can we take the time to consider what truly makes an African American person [&hellip;]<\/p>\n","protected":false},"featured_media":7609,"parent":0,"template":"","meta":{"_acf_changed":false,"_links_to":"","_links_to_target":""},"on-or-off-event-list":[],"event-category":[109],"class_list":["post-7608","events","type-events","status-publish","has-post-thumbnail","hentry","event-category-gwi-workshop"],"acf":[],"yoast_head":"<!-- This site is optimized with the Yoast SEO plugin v27.3 - https:\/\/yoast.com\/product\/yoast-seo-wordpress\/ -->\n<title>Spaces Intended for Us: Reflecting on an African American Experience - Good Work Institute<\/title>\n<meta name=\"robots\" content=\"index, follow, max-snippet:-1, max-image-preview:large, max-video-preview:-1\" \/>\n<link rel=\"canonical\" href=\"https:\/\/goodworkinstitute.org\/es\/events\/spaces-intended-for-us-reflecting-on-an-african-american-experience\/\" \/>\n<meta property=\"og:locale\" content=\"es_MX\" \/>\n<meta property=\"og:type\" content=\"article\" \/>\n<meta property=\"og:title\" content=\"Spaces Intended for Us: Reflecting on an African American Experience - Good Work Institute\" \/>\n<meta property=\"og:description\" content=\"A personalized exploration of motivation and means to attend to social equity in the spaces we create in our work and lives. CLICK HERE TO REGISTER About this Event What is it like for a Black person to navigate America? How can we take the time to consider what truly makes an African American person [&hellip;]\" \/>\n<meta property=\"og:url\" content=\"https:\/\/goodworkinstitute.org\/es\/events\/spaces-intended-for-us-reflecting-on-an-african-american-experience\/\" \/>\n<meta property=\"og:site_name\" content=\"Good Work Institute\" \/>\n<meta property=\"article:modified_time\" content=\"2021-05-29T18:29:56+00:00\" \/>\n<meta property=\"og:image\" content=\"https:\/\/goodworkinstitute.org\/wp-content\/uploads\/2021\/05\/https___cdn.evbuc_.com_images_97730018_295116991731_1_original.jpeg\" \/>\n\t<meta property=\"og:image:width\" content=\"800\" \/>\n\t<meta property=\"og:image:height\" content=\"400\" \/>\n\t<meta property=\"og:image:type\" content=\"image\/jpeg\" \/>\n<meta name=\"twitter:card\" content=\"summary_large_image\" \/>\n<meta name=\"twitter:label1\" content=\"Tiempo de lectura\" \/>\n\t<meta name=\"twitter:data1\" content=\"2 minutos\" \/>\n<script type=\"application\/ld+json\" class=\"yoast-schema-graph\">{\"@context\":\"https:\\\/\\\/schema.org\",\"@graph\":[{\"@type\":\"WebPage\",\"@id\":\"https:\\\/\\\/goodworkinstitute.org\\\/events\\\/spaces-intended-for-us-reflecting-on-an-african-american-experience\\\/\",\"url\":\"https:\\\/\\\/goodworkinstitute.org\\\/events\\\/spaces-intended-for-us-reflecting-on-an-african-american-experience\\\/\",\"name\":\"Spaces Intended for Us: Reflecting on an African American Experience - Good Work Institute\",\"isPartOf\":{\"@id\":\"https:\\\/\\\/goodworkinstitute.org\\\/#website\"},\"primaryImageOfPage\":{\"@id\":\"https:\\\/\\\/goodworkinstitute.org\\\/events\\\/spaces-intended-for-us-reflecting-on-an-african-american-experience\\\/#primaryimage\"},\"image\":{\"@id\":\"https:\\\/\\\/goodworkinstitute.org\\\/events\\\/spaces-intended-for-us-reflecting-on-an-african-american-experience\\\/#primaryimage\"},\"thumbnailUrl\":\"https:\\\/\\\/goodworkinstitute.org\\\/wp-content\\\/uploads\\\/2021\\\/05\\\/https___cdn.evbuc_.com_images_97730018_295116991731_1_original.jpeg\",\"datePublished\":\"2021-05-05T19:59:20+00:00\",\"dateModified\":\"2021-05-29T18:29:56+00:00\",\"breadcrumb\":{\"@id\":\"https:\\\/\\\/goodworkinstitute.org\\\/events\\\/spaces-intended-for-us-reflecting-on-an-african-american-experience\\\/#breadcrumb\"},\"inLanguage\":\"es\",\"potentialAction\":[{\"@type\":\"ReadAction\",\"target\":[\"https:\\\/\\\/goodworkinstitute.org\\\/events\\\/spaces-intended-for-us-reflecting-on-an-african-american-experience\\\/\"]}]},{\"@type\":\"ImageObject\",\"inLanguage\":\"es\",\"@id\":\"https:\\\/\\\/goodworkinstitute.org\\\/events\\\/spaces-intended-for-us-reflecting-on-an-african-american-experience\\\/#primaryimage\",\"url\":\"https:\\\/\\\/goodworkinstitute.org\\\/wp-content\\\/uploads\\\/2021\\\/05\\\/https___cdn.evbuc_.com_images_97730018_295116991731_1_original.jpeg\",\"contentUrl\":\"https:\\\/\\\/goodworkinstitute.org\\\/wp-content\\\/uploads\\\/2021\\\/05\\\/https___cdn.evbuc_.com_images_97730018_295116991731_1_original.jpeg\",\"width\":800,\"height\":400},{\"@type\":\"BreadcrumbList\",\"@id\":\"https:\\\/\\\/goodworkinstitute.org\\\/events\\\/spaces-intended-for-us-reflecting-on-an-african-american-experience\\\/#breadcrumb\",\"itemListElement\":[{\"@type\":\"ListItem\",\"position\":1,\"name\":\"Home\",\"item\":\"https:\\\/\\\/goodworkinstitute.org\\\/\"},{\"@type\":\"ListItem\",\"position\":2,\"name\":\"Calendar2\",\"item\":\"https:\\\/\\\/goodworkinstitute.org\\\/events\\\/\"},{\"@type\":\"ListItem\",\"position\":3,\"name\":\"Spaces Intended for Us: Reflecting on an African American Experience\"}]},{\"@type\":\"WebSite\",\"@id\":\"https:\\\/\\\/goodworkinstitute.org\\\/#website\",\"url\":\"https:\\\/\\\/goodworkinstitute.org\\\/\",\"name\":\"Good Work Institute\",\"description\":\"Working towards Just Transition\",\"potentialAction\":[{\"@type\":\"SearchAction\",\"target\":{\"@type\":\"EntryPoint\",\"urlTemplate\":\"https:\\\/\\\/goodworkinstitute.org\\\/?s={search_term_string}\"},\"query-input\":{\"@type\":\"PropertyValueSpecification\",\"valueRequired\":true,\"valueName\":\"search_term_string\"}}],\"inLanguage\":\"es\"}]}<\/script>\n<!-- \/ Yoast SEO plugin. -->","yoast_head_json":{"title":"Espacios destinados a nosotros: Reflexi\u00f3n sobre una experiencia afroamericana - Instituto del Buen Trabajo","robots":{"index":"index","follow":"follow","max-snippet":"max-snippet:-1","max-image-preview":"max-image-preview:large","max-video-preview":"max-video-preview:-1"},"canonical":"https:\/\/goodworkinstitute.org\/es\/events\/spaces-intended-for-us-reflecting-on-an-african-american-experience\/","og_locale":"es_MX","og_type":"article","og_title":"Spaces Intended for Us: Reflecting on an African American Experience - Good Work Institute","og_description":"A personalized exploration of motivation and means to attend to social equity in the spaces we create in our work and lives. CLICK HERE TO REGISTER About this Event What is it like for a Black person to navigate America? How can we take the time to consider what truly makes an African American person [&hellip;]","og_url":"https:\/\/goodworkinstitute.org\/es\/events\/spaces-intended-for-us-reflecting-on-an-african-american-experience\/","og_site_name":"Good Work Institute","article_modified_time":"2021-05-29T18:29:56+00:00","og_image":[{"width":800,"height":400,"url":"https:\/\/goodworkinstitute.org\/wp-content\/uploads\/2021\/05\/https___cdn.evbuc_.com_images_97730018_295116991731_1_original.jpeg","type":"image\/jpeg"}],"twitter_card":"summary_large_image","twitter_misc":{"Tiempo de lectura":"2 minutos"},"schema":{"@context":"https:\/\/schema.org","@graph":[{"@type":"WebPage","@id":"https:\/\/goodworkinstitute.org\/events\/spaces-intended-for-us-reflecting-on-an-african-american-experience\/","url":"https:\/\/goodworkinstitute.org\/events\/spaces-intended-for-us-reflecting-on-an-african-american-experience\/","name":"Espacios destinados a nosotros: Reflexi\u00f3n sobre una experiencia afroamericana - Instituto del Buen Trabajo","isPartOf":{"@id":"https:\/\/goodworkinstitute.org\/#website"},"primaryImageOfPage":{"@id":"https:\/\/goodworkinstitute.org\/events\/spaces-intended-for-us-reflecting-on-an-african-american-experience\/#primaryimage"},"image":{"@id":"https:\/\/goodworkinstitute.org\/events\/spaces-intended-for-us-reflecting-on-an-african-american-experience\/#primaryimage"},"thumbnailUrl":"https:\/\/goodworkinstitute.org\/wp-content\/uploads\/2021\/05\/https___cdn.evbuc_.com_images_97730018_295116991731_1_original.jpeg","datePublished":"2021-05-05T19:59:20+00:00","dateModified":"2021-05-29T18:29:56+00:00","breadcrumb":{"@id":"https:\/\/goodworkinstitute.org\/events\/spaces-intended-for-us-reflecting-on-an-african-american-experience\/#breadcrumb"},"inLanguage":"es","potentialAction":[{"@type":"ReadAction","target":["https:\/\/goodworkinstitute.org\/events\/spaces-intended-for-us-reflecting-on-an-african-american-experience\/"]}]},{"@type":"ImageObject","inLanguage":"es","@id":"https:\/\/goodworkinstitute.org\/events\/spaces-intended-for-us-reflecting-on-an-african-american-experience\/#primaryimage","url":"https:\/\/goodworkinstitute.org\/wp-content\/uploads\/2021\/05\/https___cdn.evbuc_.com_images_97730018_295116991731_1_original.jpeg","contentUrl":"https:\/\/goodworkinstitute.org\/wp-content\/uploads\/2021\/05\/https___cdn.evbuc_.com_images_97730018_295116991731_1_original.jpeg","width":800,"height":400},{"@type":"BreadcrumbList","@id":"https:\/\/goodworkinstitute.org\/events\/spaces-intended-for-us-reflecting-on-an-african-american-experience\/#breadcrumb","itemListElement":[{"@type":"ListItem","position":1,"name":"Home","item":"https:\/\/goodworkinstitute.org\/"},{"@type":"ListItem","position":2,"name":"Calendar2","item":"https:\/\/goodworkinstitute.org\/events\/"},{"@type":"ListItem","position":3,"name":"Spaces Intended for Us: Reflecting on an African American Experience"}]},{"@type":"WebSite","@id":"https:\/\/goodworkinstitute.org\/#website","url":"https:\/\/goodworkinstitute.org\/","name":"Instituto del Buen Trabajo","description":"Hacia una transici\u00f3n justa","potentialAction":[{"@type":"SearchAction","target":{"@type":"EntryPoint","urlTemplate":"https:\/\/goodworkinstitute.org\/?s={search_term_string}"},"query-input":{"@type":"PropertyValueSpecification","valueRequired":true,"valueName":"search_term_string"}}],"inLanguage":"es"}]}},"_links":{"self":[{"href":"https:\/\/goodworkinstitute.org\/es\/wp-json\/wp\/v2\/events\/7608","targetHints":{"allow":["GET"]}}],"collection":[{"href":"https:\/\/goodworkinstitute.org\/es\/wp-json\/wp\/v2\/events"}],"about":[{"href":"https:\/\/goodworkinstitute.org\/es\/wp-json\/wp\/v2\/types\/events"}],"wp:featuredmedia":[{"embeddable":true,"href":"https:\/\/goodworkinstitute.org\/es\/wp-json\/wp\/v2\/media\/7609"}],"wp:attachment":[{"href":"https:\/\/goodworkinstitute.org\/es\/wp-json\/wp\/v2\/media?parent=7608"}],"wp:term":[{"taxonomy":"on-or-off-event-list","embeddable":true,"href":"https:\/\/goodworkinstitute.org\/es\/wp-json\/wp\/v2\/on-or-off-event-list?post=7608"},{"taxonomy":"event-category","embeddable":true,"href":"https:\/\/goodworkinstitute.org\/es\/wp-json\/wp\/v2\/event-category?post=7608"}],"curies":[{"name":"wp","href":"https:\/\/api.w.org\/{rel}","templated":true}]}}

<p><strong>Una exploración personalizada de la motivación y los medios para atender a la equidad social en los espacios que creamos en nuestro trabajo y en nuestras vidas.</strong></p>



<p><strong><a href="https://www.eventbrite.com/e/137691668487" target="_blank" rel="noreferrer noopener">HAGA CLIC AQUÍ PARA INSCRIBIRSE</a></strong></p>



<h2 class="wp-block-heading" id="block-3f19e1c4-ff71-4114-9466-fe3ed9bfa5a6">Acerca de este acto</h2>



<p id="block-ed22a74d-cf7a-41d4-bc35-fbed8f7fc346">¿Cómo navega por América una persona negra? ¿Cómo podemos tomarnos el tiempo de considerar qué es lo que realmente hace que una persona afroamericana se sienta segura, vista y celebrada? Micah comparte su propia historia personal sobre cómo navegar por un paisaje de racismo y nos pregunta qué papel estamos dispuestos a desempeñar y qué acciones estamos dispuestos a emprender para crear equidad en nuestras vidas, nuestro trabajo y nuestra comunidad.</p>



<p id="block-45d211f0-5f26-498c-90cb-29036079e238">Hay una gran diferencia entre afirmar que su institución u organización es "bienvenida a todos" frente a "este espacio está pensado para usted". Lo primero permite que la gente sepa que cualquiera puede entrar por las puertas, pero no significa necesariamente que los principios, las políticas o la misión sean inclusivos para ellos. La segunda afirma claramente que si alguien entra en el espacio, en su creación se ha prestado atención y se ha tenido la intención de tener en cuenta las necesidades de toda la gama de identidades humanas que con demasiada frecuencia quedan relegadas a los márgenes, ya sean Latinx, negros u otras personas de color; LGBTQ+; personas con necesidades de accesibilidad; inmigrantes; ancianos; etc.</p>



<p id="block-45c95ee9-c11c-4ec7-830e-9479b212e63e">En este taller se entrelazarán hilos de mindfulness, medios de comunicación concretos, ficción y, lo que es más importante, historias personales; y reflexiones suscitadas por estas historias y por preguntas sobre tus propias experiencias. Esta trama de considerar los aspectos universales de la narrativa, centrar nuestra atención en el momento presente, y sintonizar con nuestros pensamientos y preguntas, estimulará nuestra exploración y diálogo sobre lo que es; lo que podría significar crear espacios destinados a todos nosotros; y lo que significaría para nuestro propio buen hacer comprometernos a tomar medidas para conseguirlo.</p>



<p id="block-ca64fd4e-b64a-4807-a4a6-e5757a7f76f0">Este taller forma parte de una serie en la que comisarios y narradores de diferentes grupos marginados comparten sus historias personales con el fin de provocar que los oyentes se pregunten "¿qué cambios puedo hacer en mi vida, en mis comunidades y en mis organizaciones para que los espacios creados sean realmente para todos?".</p>

Espacios destinados a nosotros: Reflexión sobre una experiencia afroamericana - Instituto del Buen Trabajo

Hacia una transición justa
