{"id":7605,"date":"2021-05-05T19:33:25","date_gmt":"2021-05-05T19:33:25","guid":{"rendered":"https:\/\/goodworkinstitute.org\/?post_type=calendar2&#038;p=7605"},"modified":"2021-05-24T14:44:56","modified_gmt":"2021-05-24T14:44:56","slug":"radical-mindfulness-1-dismantling-the-oppression-within-us","status":"publish","type":"events","link":"https:\/\/goodworkinstitute.org\/es\/events\/radical-mindfulness-1-dismantling-the-oppression-within-us\/","title":{"rendered":"Mindfulness radical 1: Desmantelar la opresi\u00f3n que llevamos dentro"},"content":{"rendered":"<p>\"Decimos que queremos la paz en el mundo, pero nosotros mismos no somos pac\u00edficos\". Shri Shiva Rudra Balayogi.<\/p>\n\n\n\n<p><strong><a rel=\"noreferrer noopener\" href=\"https:\/\/www.eventbrite.com\/e\/137648832363\" target=\"_blank\">HAGA CLIC AQU\u00cd PARA INSCRIBIRSE<\/a><\/strong><\/p>\n\n\n\n<h2 class=\"wp-block-heading\">Acerca de este acto<\/h2>\n\n\n\n<p>\u00bfTe interesa la pr\u00e1ctica de la atenci\u00f3n plena como v\u00eda para el cambio social? \u00bfDispuesto a echar un vistazo a tu propia capacidad para el cambio y la paz? \u00danete a nosotros en un taller que explora la atenci\u00f3n plena como pr\u00e1ctica de Transici\u00f3n Justa. Para desmantelar los sistemas de opresi\u00f3n que existen en el mundo debemos enfrentarnos a los sistemas de opresi\u00f3n que viven dentro de nosotros. Esto requiere atenci\u00f3n plena, conciencia plena y el cultivo de la paz interior.<\/p>\n\n\n\n<p>GWI se centra en la Transici\u00f3n Justa (JT) en el Valle del Hudson. La atenci\u00f3n plena es una herramienta de la JT. Para conseguir una Transici\u00f3n Justa tenemos que empezar por nosotros mismos. Esto requiere atenci\u00f3n plena: prestar atenci\u00f3n a prop\u00f3sito, en el momento presente, sin juzgar. Exploraremos lo que esto significa, c\u00f3mo se manifiesta en nosotros mismos y c\u00f3mo otros est\u00e1n incorporando la atenci\u00f3n plena a su trabajo para cambiar el mundo. Y, lo que es m\u00e1s importante, practicaremos.<\/p>","protected":false},"excerpt":{"rendered":"<p>\u201cWe say we want peace in the world, yet we\u2019re not peaceful ourselves.\u201d Shri Shiva Rudra Balayogi. CLICK HERE TO REGISTER About this Event Interested in the practice of mindfulness as a path to social change? Willing to take a look at your own capacity for change and peace? Join us for a workshop exploring [&hellip;]<\/p>\n","protected":false},"featured_media":7606,"parent":0,"template":"","meta":{"_acf_changed":false,"_links_to":"","_links_to_target":""},"on-or-off-event-list":[],"event-category":[109],"class_list":["post-7605","events","type-events","status-publish","has-post-thumbnail","hentry","event-category-gwi-workshop"],"acf":[],"yoast_head":"<!-- This site is optimized with the Yoast SEO plugin v27.3 - https:\/\/yoast.com\/product\/yoast-seo-wordpress\/ -->\n<title>Radical Mindfulness 1: Dismantling the Oppression Within Us - Good Work Institute<\/title>\n<meta name=\"robots\" content=\"index, follow, max-snippet:-1, max-image-preview:large, max-video-preview:-1\" \/>\n<link rel=\"canonical\" href=\"https:\/\/goodworkinstitute.org\/es\/events\/radical-mindfulness-1-dismantling-the-oppression-within-us\/\" \/>\n<meta property=\"og:locale\" content=\"es_MX\" \/>\n<meta property=\"og:type\" content=\"article\" \/>\n<meta property=\"og:title\" content=\"Radical Mindfulness 1: Dismantling the Oppression Within Us - Good Work Institute\" \/>\n<meta property=\"og:description\" content=\"\u201cWe say we want peace in the world, yet we\u2019re not peaceful ourselves.\u201d Shri Shiva Rudra Balayogi. CLICK HERE TO REGISTER About this Event Interested in the practice of mindfulness as a path to social change? Willing to take a look at your own capacity for change and peace? Join us for a workshop exploring [&hellip;]\" \/>\n<meta property=\"og:url\" content=\"https:\/\/goodworkinstitute.org\/es\/events\/radical-mindfulness-1-dismantling-the-oppression-within-us\/\" \/>\n<meta property=\"og:site_name\" content=\"Good Work Institute\" \/>\n<meta property=\"article:modified_time\" content=\"2021-05-24T14:44:56+00:00\" \/>\n<meta property=\"og:image\" content=\"https:\/\/goodworkinstitute.org\/wp-content\/uploads\/2021\/05\/copy-of-copy-of-200814-radical-mindfulness-eb-header.png\" \/>\n\t<meta property=\"og:image:width\" content=\"1200\" \/>\n\t<meta property=\"og:image:height\" content=\"600\" \/>\n\t<meta property=\"og:image:type\" content=\"image\/png\" \/>\n<meta name=\"twitter:card\" content=\"summary_large_image\" \/>\n<meta name=\"twitter:label1\" content=\"Tiempo de lectura\" \/>\n\t<meta name=\"twitter:data1\" content=\"1 minuto\" \/>\n<script type=\"application\/ld+json\" class=\"yoast-schema-graph\">{\"@context\":\"https:\\\/\\\/schema.org\",\"@graph\":[{\"@type\":\"WebPage\",\"@id\":\"https:\\\/\\\/goodworkinstitute.org\\\/events\\\/radical-mindfulness-1-dismantling-the-oppression-within-us\\\/\",\"url\":\"https:\\\/\\\/goodworkinstitute.org\\\/events\\\/radical-mindfulness-1-dismantling-the-oppression-within-us\\\/\",\"name\":\"Radical Mindfulness 1: Dismantling the Oppression Within Us - Good Work Institute\",\"isPartOf\":{\"@id\":\"https:\\\/\\\/goodworkinstitute.org\\\/#website\"},\"primaryImageOfPage\":{\"@id\":\"https:\\\/\\\/goodworkinstitute.org\\\/events\\\/radical-mindfulness-1-dismantling-the-oppression-within-us\\\/#primaryimage\"},\"image\":{\"@id\":\"https:\\\/\\\/goodworkinstitute.org\\\/events\\\/radical-mindfulness-1-dismantling-the-oppression-within-us\\\/#primaryimage\"},\"thumbnailUrl\":\"https:\\\/\\\/goodworkinstitute.org\\\/wp-content\\\/uploads\\\/2021\\\/05\\\/copy-of-copy-of-200814-radical-mindfulness-eb-header.png\",\"datePublished\":\"2021-05-05T19:33:25+00:00\",\"dateModified\":\"2021-05-24T14:44:56+00:00\",\"breadcrumb\":{\"@id\":\"https:\\\/\\\/goodworkinstitute.org\\\/events\\\/radical-mindfulness-1-dismantling-the-oppression-within-us\\\/#breadcrumb\"},\"inLanguage\":\"es\",\"potentialAction\":[{\"@type\":\"ReadAction\",\"target\":[\"https:\\\/\\\/goodworkinstitute.org\\\/events\\\/radical-mindfulness-1-dismantling-the-oppression-within-us\\\/\"]}]},{\"@type\":\"ImageObject\",\"inLanguage\":\"es\",\"@id\":\"https:\\\/\\\/goodworkinstitute.org\\\/events\\\/radical-mindfulness-1-dismantling-the-oppression-within-us\\\/#primaryimage\",\"url\":\"https:\\\/\\\/goodworkinstitute.org\\\/wp-content\\\/uploads\\\/2021\\\/05\\\/copy-of-copy-of-200814-radical-mindfulness-eb-header.png\",\"contentUrl\":\"https:\\\/\\\/goodworkinstitute.org\\\/wp-content\\\/uploads\\\/2021\\\/05\\\/copy-of-copy-of-200814-radical-mindfulness-eb-header.png\",\"width\":1200,\"height\":600},{\"@type\":\"BreadcrumbList\",\"@id\":\"https:\\\/\\\/goodworkinstitute.org\\\/events\\\/radical-mindfulness-1-dismantling-the-oppression-within-us\\\/#breadcrumb\",\"itemListElement\":[{\"@type\":\"ListItem\",\"position\":1,\"name\":\"Home\",\"item\":\"https:\\\/\\\/goodworkinstitute.org\\\/\"},{\"@type\":\"ListItem\",\"position\":2,\"name\":\"Calendar2\",\"item\":\"https:\\\/\\\/goodworkinstitute.org\\\/events\\\/\"},{\"@type\":\"ListItem\",\"position\":3,\"name\":\"Radical Mindfulness 1: Dismantling the Oppression Within Us\"}]},{\"@type\":\"WebSite\",\"@id\":\"https:\\\/\\\/goodworkinstitute.org\\\/#website\",\"url\":\"https:\\\/\\\/goodworkinstitute.org\\\/\",\"name\":\"Good Work Institute\",\"description\":\"Working towards Just Transition\",\"potentialAction\":[{\"@type\":\"SearchAction\",\"target\":{\"@type\":\"EntryPoint\",\"urlTemplate\":\"https:\\\/\\\/goodworkinstitute.org\\\/?s={search_term_string}\"},\"query-input\":{\"@type\":\"PropertyValueSpecification\",\"valueRequired\":true,\"valueName\":\"search_term_string\"}}],\"inLanguage\":\"es\"}]}<\/script>\n<!-- \/ Yoast SEO plugin. -->","yoast_head_json":{"title":"Mindfulness radical 1: Desmantelar la opresi\u00f3n que llevamos dentro - Instituto del Buen Trabajo","robots":{"index":"index","follow":"follow","max-snippet":"max-snippet:-1","max-image-preview":"max-image-preview:large","max-video-preview":"max-video-preview:-1"},"canonical":"https:\/\/goodworkinstitute.org\/es\/events\/radical-mindfulness-1-dismantling-the-oppression-within-us\/","og_locale":"es_MX","og_type":"article","og_title":"Radical Mindfulness 1: Dismantling the Oppression Within Us - Good Work Institute","og_description":"\u201cWe say we want peace in the world, yet we\u2019re not peaceful ourselves.\u201d Shri Shiva Rudra Balayogi. CLICK HERE TO REGISTER About this Event Interested in the practice of mindfulness as a path to social change? Willing to take a look at your own capacity for change and peace? Join us for a workshop exploring [&hellip;]","og_url":"https:\/\/goodworkinstitute.org\/es\/events\/radical-mindfulness-1-dismantling-the-oppression-within-us\/","og_site_name":"Good Work Institute","article_modified_time":"2021-05-24T14:44:56+00:00","og_image":[{"width":1200,"height":600,"url":"https:\/\/goodworkinstitute.org\/wp-content\/uploads\/2021\/05\/copy-of-copy-of-200814-radical-mindfulness-eb-header.png","type":"image\/png"}],"twitter_card":"summary_large_image","twitter_misc":{"Tiempo de lectura":"1 minuto"},"schema":{"@context":"https:\/\/schema.org","@graph":[{"@type":"WebPage","@id":"https:\/\/goodworkinstitute.org\/events\/radical-mindfulness-1-dismantling-the-oppression-within-us\/","url":"https:\/\/goodworkinstitute.org\/events\/radical-mindfulness-1-dismantling-the-oppression-within-us\/","name":"Mindfulness radical 1: Desmantelar la opresi\u00f3n que llevamos dentro - Instituto del Buen Trabajo","isPartOf":{"@id":"https:\/\/goodworkinstitute.org\/#website"},"primaryImageOfPage":{"@id":"https:\/\/goodworkinstitute.org\/events\/radical-mindfulness-1-dismantling-the-oppression-within-us\/#primaryimage"},"image":{"@id":"https:\/\/goodworkinstitute.org\/events\/radical-mindfulness-1-dismantling-the-oppression-within-us\/#primaryimage"},"thumbnailUrl":"https:\/\/goodworkinstitute.org\/wp-content\/uploads\/2021\/05\/copy-of-copy-of-200814-radical-mindfulness-eb-header.png","datePublished":"2021-05-05T19:33:25+00:00","dateModified":"2021-05-24T14:44:56+00:00","breadcrumb":{"@id":"https:\/\/goodworkinstitute.org\/events\/radical-mindfulness-1-dismantling-the-oppression-within-us\/#breadcrumb"},"inLanguage":"es","potentialAction":[{"@type":"ReadAction","target":["https:\/\/goodworkinstitute.org\/events\/radical-mindfulness-1-dismantling-the-oppression-within-us\/"]}]},{"@type":"ImageObject","inLanguage":"es","@id":"https:\/\/goodworkinstitute.org\/events\/radical-mindfulness-1-dismantling-the-oppression-within-us\/#primaryimage","url":"https:\/\/goodworkinstitute.org\/wp-content\/uploads\/2021\/05\/copy-of-copy-of-200814-radical-mindfulness-eb-header.png","contentUrl":"https:\/\/goodworkinstitute.org\/wp-content\/uploads\/2021\/05\/copy-of-copy-of-200814-radical-mindfulness-eb-header.png","width":1200,"height":600},{"@type":"BreadcrumbList","@id":"https:\/\/goodworkinstitute.org\/events\/radical-mindfulness-1-dismantling-the-oppression-within-us\/#breadcrumb","itemListElement":[{"@type":"ListItem","position":1,"name":"Home","item":"https:\/\/goodworkinstitute.org\/"},{"@type":"ListItem","position":2,"name":"Calendar2","item":"https:\/\/goodworkinstitute.org\/events\/"},{"@type":"ListItem","position":3,"name":"Radical Mindfulness 1: Dismantling the Oppression Within Us"}]},{"@type":"WebSite","@id":"https:\/\/goodworkinstitute.org\/#website","url":"https:\/\/goodworkinstitute.org\/","name":"Instituto del Buen Trabajo","description":"Hacia una transici\u00f3n justa","potentialAction":[{"@type":"SearchAction","target":{"@type":"EntryPoint","urlTemplate":"https:\/\/goodworkinstitute.org\/?s={search_term_string}"},"query-input":{"@type":"PropertyValueSpecification","valueRequired":true,"valueName":"search_term_string"}}],"inLanguage":"es"}]}},"_links":{"self":[{"href":"https:\/\/goodworkinstitute.org\/es\/wp-json\/wp\/v2\/events\/7605","targetHints":{"allow":["GET"]}}],"collection":[{"href":"https:\/\/goodworkinstitute.org\/es\/wp-json\/wp\/v2\/events"}],"about":[{"href":"https:\/\/goodworkinstitute.org\/es\/wp-json\/wp\/v2\/types\/events"}],"wp:featuredmedia":[{"embeddable":true,"href":"https:\/\/goodworkinstitute.org\/es\/wp-json\/wp\/v2\/media\/7606"}],"wp:attachment":[{"href":"https:\/\/goodworkinstitute.org\/es\/wp-json\/wp\/v2\/media?parent=7605"}],"wp:term":[{"taxonomy":"on-or-off-event-list","embeddable":true,"href":"https:\/\/goodworkinstitute.org\/es\/wp-json\/wp\/v2\/on-or-off-event-list?post=7605"},{"taxonomy":"event-category","embeddable":true,"href":"https:\/\/goodworkinstitute.org\/es\/wp-json\/wp\/v2\/event-category?post=7605"}],"curies":[{"name":"wp","href":"https:\/\/api.w.org\/{rel}","templated":true}]}}

Mindfulness radical 1: Desmantelar la opresión que llevamos dentro

<p>"Decimos que queremos la paz en el mundo, pero nosotros mismos no somos pacíficos". Shri Shiva Rudra Balayogi.</p>



<p><strong><a rel="noreferrer noopener" href="https://www.eventbrite.com/e/137648832363" target="_blank">HAGA CLIC AQUÍ PARA INSCRIBIRSE</a></strong></p>



<h2 class="wp-block-heading">Acerca de este acto</h2>



<p>¿Te interesa la práctica de la atención plena como vía para el cambio social? ¿Dispuesto a echar un vistazo a tu propia capacidad para el cambio y la paz? Únete a nosotros en un taller que explora la atención plena como práctica de Transición Justa. Para desmantelar los sistemas de opresión que existen en el mundo debemos enfrentarnos a los sistemas de opresión que viven dentro de nosotros. Esto requiere atención plena, conciencia plena y el cultivo de la paz interior.</p>



<p>GWI se centra en la Transición Justa (JT) en el Valle del Hudson. La atención plena es una herramienta de la JT. Para conseguir una Transición Justa tenemos que empezar por nosotros mismos. Esto requiere atención plena: prestar atención a propósito, en el momento presente, sin juzgar. Exploraremos lo que esto significa, cómo se manifiesta en nosotros mismos y cómo otros están incorporando la atención plena a su trabajo para cambiar el mundo. Y, lo que es más importante, practicaremos.</p>

Mindfulness radical 1: Desmantelar la opresión que llevamos dentro - Instituto del Buen Trabajo

Hacia una transición justa
