{"id":7599,"date":"2021-05-05T19:23:25","date_gmt":"2021-05-05T19:23:25","guid":{"rendered":"https:\/\/goodworkinstitute.org\/?post_type=calendar2&#038;p=7599"},"modified":"2021-05-29T18:48:09","modified_gmt":"2021-05-29T18:48:09","slug":"spaces-intended-for-us-the-older-experience","status":"publish","type":"events","link":"https:\/\/goodworkinstitute.org\/es\/events\/spaces-intended-for-us-the-older-experience\/","title":{"rendered":"Espacios destinados a nosotros: La experiencia de los mayores"},"content":{"rendered":"<p><strong>Uno de una serie mensual de exploraciones sobre la motivaci\u00f3n y los medios para atender a la equidad social en los espacios que creamos en nuestro trabajo y en nuestras vidas.<\/strong><\/p>\n\n\n\n<p><strong><a href=\"https:\/\/www.eventbrite.com\/e\/spaces-intended-for-us-the-older-experience-registration-150571370021\">HAGA CLIC AQU\u00cd PARA INSCRIBIRSE<\/a><\/strong><\/p>\n\n\n\n<h2 class=\"wp-block-heading\">Acerca de este acto<\/h2>\n\n\n\n<p>La autoproclamada c\u00f3mica \"sentada\", Verna Gillis, comparte historias reales de su programa para una mujer mayor, \"Tales from Geriassic Park-On the Verge of Extinction\". En la pieza, explora la familia, las relaciones, la adicci\u00f3n, el c\u00e1ncer, los carbohidratos y la navegaci\u00f3n por la vida como una persona de 79 a\u00f1os.<\/p>\n\n\n\n<p>Hay una gran diferencia entre afirmar que su instituci\u00f3n u organizaci\u00f3n es \"bienvenida a todos\" frente a \"este espacio est\u00e1 pensado para usted\". Lo primero permite que la gente sepa que cualquiera puede entrar por las puertas, pero no significa necesariamente que los principios, las pol\u00edticas o la misi\u00f3n sean inclusivos para ellos. La segunda afirma claramente que si alguien entra en el espacio, en su creaci\u00f3n se ha prestado atenci\u00f3n y se ha tenido la intenci\u00f3n de tener en cuenta las necesidades de toda la gama de identidades humanas que con demasiada frecuencia quedan relegadas a los m\u00e1rgenes, ya sean Latinx, negros u otras personas de color; LGBTQ+; personas con necesidades de accesibilidad; inmigrantes; ancianos; etc.<\/p>\n\n\n\n<p>En este taller en l\u00ednea se entrelazar\u00e1n hilos de atenci\u00f3n plena, medios de comunicaci\u00f3n concretos, ficci\u00f3n y, lo que es m\u00e1s importante, historias personales, y reflexiones suscitadas por estas historias y por preguntas sobre tus propias experiencias. Esta trama de considerar los aspectos universales de la narrativa, centrar nuestra atenci\u00f3n en el momento presente, y sintonizar con nuestros pensamientos y preguntas, estimular\u00e1 nuestra exploraci\u00f3n y di\u00e1logo sobre lo que es; lo que podr\u00eda significar crear espacios destinados a todos nosotros; y lo que significar\u00eda para nuestro propio buen hacer comprometernos a tomar medidas para conseguirlo.<\/p>\n\n\n\n<p>Esta oferta forma parte de una serie mensual de talleres en l\u00ednea en los que comisarios y narradores de historias de diferentes grupos marginados comparten sus historias personales para provocar que los oyentes se pregunten \"\u00bfqu\u00e9 cambios puedo hacer en mi vida, en mis comunidades y en mis organizaciones para que los espacios creados sean realmente para todos?\".<\/p>","protected":false},"excerpt":{"rendered":"<p>One in a monthly series of explorations of motivation and means to attend to social equity in the spaces we create in our work and lives. CLICK HERE TO REGISTER About this Event Self-proclaimed \u201csit-down\u201d comic, Verna Gillis, shares true stories from her one older woman\u2019s show,\u201dTales from Geriassic Park\u2013On the Verge of Extinction.\u201d In [&hellip;]<\/p>\n","protected":false},"featured_media":7600,"parent":0,"template":"","meta":{"_acf_changed":false,"_links_to":"","_links_to_target":""},"on-or-off-event-list":[],"event-category":[109],"class_list":["post-7599","events","type-events","status-publish","has-post-thumbnail","hentry","event-category-gwi-workshop"],"acf":[],"yoast_head":"<!-- This site is optimized with the Yoast SEO plugin v27.3 - https:\/\/yoast.com\/product\/yoast-seo-wordpress\/ -->\n<title>Spaces Intended for Us: The Older Experience - Good Work Institute<\/title>\n<meta name=\"robots\" content=\"index, follow, max-snippet:-1, max-image-preview:large, max-video-preview:-1\" \/>\n<link rel=\"canonical\" href=\"https:\/\/goodworkinstitute.org\/es\/events\/spaces-intended-for-us-the-older-experience\/\" \/>\n<meta property=\"og:locale\" content=\"es_MX\" \/>\n<meta property=\"og:type\" content=\"article\" \/>\n<meta property=\"og:title\" content=\"Spaces Intended for Us: The Older Experience - Good Work Institute\" \/>\n<meta property=\"og:description\" content=\"One in a monthly series of explorations of motivation and means to attend to social equity in the spaces we create in our work and lives. CLICK HERE TO REGISTER About this Event Self-proclaimed \u201csit-down\u201d comic, Verna Gillis, shares true stories from her one older woman\u2019s show,\u201dTales from Geriassic Park\u2013On the Verge of Extinction.\u201d In [&hellip;]\" \/>\n<meta property=\"og:url\" content=\"https:\/\/goodworkinstitute.org\/es\/events\/spaces-intended-for-us-the-older-experience\/\" \/>\n<meta property=\"og:site_name\" content=\"Good Work Institute\" \/>\n<meta property=\"article:modified_time\" content=\"2021-05-29T18:48:09+00:00\" \/>\n<meta property=\"og:image\" content=\"https:\/\/goodworkinstitute.org\/wp-content\/uploads\/2021\/05\/https___cdn.evbuc_.com_images_131936107_295116991731_1_original.jpeg\" \/>\n\t<meta property=\"og:image:width\" content=\"800\" \/>\n\t<meta property=\"og:image:height\" content=\"400\" \/>\n\t<meta property=\"og:image:type\" content=\"image\/jpeg\" \/>\n<meta name=\"twitter:card\" content=\"summary_large_image\" \/>\n<meta name=\"twitter:label1\" content=\"Tiempo de lectura\" \/>\n\t<meta name=\"twitter:data1\" content=\"2 minutos\" \/>\n<script type=\"application\/ld+json\" class=\"yoast-schema-graph\">{\"@context\":\"https:\\\/\\\/schema.org\",\"@graph\":[{\"@type\":\"WebPage\",\"@id\":\"https:\\\/\\\/goodworkinstitute.org\\\/events\\\/spaces-intended-for-us-the-older-experience\\\/\",\"url\":\"https:\\\/\\\/goodworkinstitute.org\\\/events\\\/spaces-intended-for-us-the-older-experience\\\/\",\"name\":\"Spaces Intended for Us: The Older Experience - Good Work Institute\",\"isPartOf\":{\"@id\":\"https:\\\/\\\/goodworkinstitute.org\\\/#website\"},\"primaryImageOfPage\":{\"@id\":\"https:\\\/\\\/goodworkinstitute.org\\\/events\\\/spaces-intended-for-us-the-older-experience\\\/#primaryimage\"},\"image\":{\"@id\":\"https:\\\/\\\/goodworkinstitute.org\\\/events\\\/spaces-intended-for-us-the-older-experience\\\/#primaryimage\"},\"thumbnailUrl\":\"https:\\\/\\\/goodworkinstitute.org\\\/wp-content\\\/uploads\\\/2021\\\/05\\\/https___cdn.evbuc_.com_images_131936107_295116991731_1_original.jpeg\",\"datePublished\":\"2021-05-05T19:23:25+00:00\",\"dateModified\":\"2021-05-29T18:48:09+00:00\",\"breadcrumb\":{\"@id\":\"https:\\\/\\\/goodworkinstitute.org\\\/events\\\/spaces-intended-for-us-the-older-experience\\\/#breadcrumb\"},\"inLanguage\":\"es\",\"potentialAction\":[{\"@type\":\"ReadAction\",\"target\":[\"https:\\\/\\\/goodworkinstitute.org\\\/events\\\/spaces-intended-for-us-the-older-experience\\\/\"]}]},{\"@type\":\"ImageObject\",\"inLanguage\":\"es\",\"@id\":\"https:\\\/\\\/goodworkinstitute.org\\\/events\\\/spaces-intended-for-us-the-older-experience\\\/#primaryimage\",\"url\":\"https:\\\/\\\/goodworkinstitute.org\\\/wp-content\\\/uploads\\\/2021\\\/05\\\/https___cdn.evbuc_.com_images_131936107_295116991731_1_original.jpeg\",\"contentUrl\":\"https:\\\/\\\/goodworkinstitute.org\\\/wp-content\\\/uploads\\\/2021\\\/05\\\/https___cdn.evbuc_.com_images_131936107_295116991731_1_original.jpeg\",\"width\":800,\"height\":400},{\"@type\":\"BreadcrumbList\",\"@id\":\"https:\\\/\\\/goodworkinstitute.org\\\/events\\\/spaces-intended-for-us-the-older-experience\\\/#breadcrumb\",\"itemListElement\":[{\"@type\":\"ListItem\",\"position\":1,\"name\":\"Home\",\"item\":\"https:\\\/\\\/goodworkinstitute.org\\\/\"},{\"@type\":\"ListItem\",\"position\":2,\"name\":\"Calendar2\",\"item\":\"https:\\\/\\\/goodworkinstitute.org\\\/events\\\/\"},{\"@type\":\"ListItem\",\"position\":3,\"name\":\"Spaces Intended for Us: The Older Experience\"}]},{\"@type\":\"WebSite\",\"@id\":\"https:\\\/\\\/goodworkinstitute.org\\\/#website\",\"url\":\"https:\\\/\\\/goodworkinstitute.org\\\/\",\"name\":\"Good Work Institute\",\"description\":\"Working towards Just Transition\",\"potentialAction\":[{\"@type\":\"SearchAction\",\"target\":{\"@type\":\"EntryPoint\",\"urlTemplate\":\"https:\\\/\\\/goodworkinstitute.org\\\/?s={search_term_string}\"},\"query-input\":{\"@type\":\"PropertyValueSpecification\",\"valueRequired\":true,\"valueName\":\"search_term_string\"}}],\"inLanguage\":\"es\"}]}<\/script>\n<!-- \/ Yoast SEO plugin. -->","yoast_head_json":{"title":"Espacios pensados para nosotros: La experiencia de los mayores - Instituto del Buen Trabajo","robots":{"index":"index","follow":"follow","max-snippet":"max-snippet:-1","max-image-preview":"max-image-preview:large","max-video-preview":"max-video-preview:-1"},"canonical":"https:\/\/goodworkinstitute.org\/es\/events\/spaces-intended-for-us-the-older-experience\/","og_locale":"es_MX","og_type":"article","og_title":"Spaces Intended for Us: The Older Experience - Good Work Institute","og_description":"One in a monthly series of explorations of motivation and means to attend to social equity in the spaces we create in our work and lives. CLICK HERE TO REGISTER About this Event Self-proclaimed \u201csit-down\u201d comic, Verna Gillis, shares true stories from her one older woman\u2019s show,\u201dTales from Geriassic Park\u2013On the Verge of Extinction.\u201d In [&hellip;]","og_url":"https:\/\/goodworkinstitute.org\/es\/events\/spaces-intended-for-us-the-older-experience\/","og_site_name":"Good Work Institute","article_modified_time":"2021-05-29T18:48:09+00:00","og_image":[{"width":800,"height":400,"url":"https:\/\/goodworkinstitute.org\/wp-content\/uploads\/2021\/05\/https___cdn.evbuc_.com_images_131936107_295116991731_1_original.jpeg","type":"image\/jpeg"}],"twitter_card":"summary_large_image","twitter_misc":{"Tiempo de lectura":"2 minutos"},"schema":{"@context":"https:\/\/schema.org","@graph":[{"@type":"WebPage","@id":"https:\/\/goodworkinstitute.org\/events\/spaces-intended-for-us-the-older-experience\/","url":"https:\/\/goodworkinstitute.org\/events\/spaces-intended-for-us-the-older-experience\/","name":"Espacios pensados para nosotros: La experiencia de los mayores - Instituto del Buen Trabajo","isPartOf":{"@id":"https:\/\/goodworkinstitute.org\/#website"},"primaryImageOfPage":{"@id":"https:\/\/goodworkinstitute.org\/events\/spaces-intended-for-us-the-older-experience\/#primaryimage"},"image":{"@id":"https:\/\/goodworkinstitute.org\/events\/spaces-intended-for-us-the-older-experience\/#primaryimage"},"thumbnailUrl":"https:\/\/goodworkinstitute.org\/wp-content\/uploads\/2021\/05\/https___cdn.evbuc_.com_images_131936107_295116991731_1_original.jpeg","datePublished":"2021-05-05T19:23:25+00:00","dateModified":"2021-05-29T18:48:09+00:00","breadcrumb":{"@id":"https:\/\/goodworkinstitute.org\/events\/spaces-intended-for-us-the-older-experience\/#breadcrumb"},"inLanguage":"es","potentialAction":[{"@type":"ReadAction","target":["https:\/\/goodworkinstitute.org\/events\/spaces-intended-for-us-the-older-experience\/"]}]},{"@type":"ImageObject","inLanguage":"es","@id":"https:\/\/goodworkinstitute.org\/events\/spaces-intended-for-us-the-older-experience\/#primaryimage","url":"https:\/\/goodworkinstitute.org\/wp-content\/uploads\/2021\/05\/https___cdn.evbuc_.com_images_131936107_295116991731_1_original.jpeg","contentUrl":"https:\/\/goodworkinstitute.org\/wp-content\/uploads\/2021\/05\/https___cdn.evbuc_.com_images_131936107_295116991731_1_original.jpeg","width":800,"height":400},{"@type":"BreadcrumbList","@id":"https:\/\/goodworkinstitute.org\/events\/spaces-intended-for-us-the-older-experience\/#breadcrumb","itemListElement":[{"@type":"ListItem","position":1,"name":"Home","item":"https:\/\/goodworkinstitute.org\/"},{"@type":"ListItem","position":2,"name":"Calendar2","item":"https:\/\/goodworkinstitute.org\/events\/"},{"@type":"ListItem","position":3,"name":"Spaces Intended for Us: The Older Experience"}]},{"@type":"WebSite","@id":"https:\/\/goodworkinstitute.org\/#website","url":"https:\/\/goodworkinstitute.org\/","name":"Instituto del Buen Trabajo","description":"Hacia una transici\u00f3n justa","potentialAction":[{"@type":"SearchAction","target":{"@type":"EntryPoint","urlTemplate":"https:\/\/goodworkinstitute.org\/?s={search_term_string}"},"query-input":{"@type":"PropertyValueSpecification","valueRequired":true,"valueName":"search_term_string"}}],"inLanguage":"es"}]}},"_links":{"self":[{"href":"https:\/\/goodworkinstitute.org\/es\/wp-json\/wp\/v2\/events\/7599","targetHints":{"allow":["GET"]}}],"collection":[{"href":"https:\/\/goodworkinstitute.org\/es\/wp-json\/wp\/v2\/events"}],"about":[{"href":"https:\/\/goodworkinstitute.org\/es\/wp-json\/wp\/v2\/types\/events"}],"wp:featuredmedia":[{"embeddable":true,"href":"https:\/\/goodworkinstitute.org\/es\/wp-json\/wp\/v2\/media\/7600"}],"wp:attachment":[{"href":"https:\/\/goodworkinstitute.org\/es\/wp-json\/wp\/v2\/media?parent=7599"}],"wp:term":[{"taxonomy":"on-or-off-event-list","embeddable":true,"href":"https:\/\/goodworkinstitute.org\/es\/wp-json\/wp\/v2\/on-or-off-event-list?post=7599"},{"taxonomy":"event-category","embeddable":true,"href":"https:\/\/goodworkinstitute.org\/es\/wp-json\/wp\/v2\/event-category?post=7599"}],"curies":[{"name":"wp","href":"https:\/\/api.w.org\/{rel}","templated":true}]}}

<p><strong>Uno de una serie mensual de exploraciones sobre la motivación y los medios para atender a la equidad social en los espacios que creamos en nuestro trabajo y en nuestras vidas.</strong></p>



<p><strong><a href="https://www.eventbrite.com/e/spaces-intended-for-us-the-older-experience-registration-150571370021">HAGA CLIC AQUÍ PARA INSCRIBIRSE</a></strong></p>



<h2 class="wp-block-heading">Acerca de este acto</h2>



<p>La autoproclamada cómica "sentada", Verna Gillis, comparte historias reales de su programa para una mujer mayor, "Tales from Geriassic Park-On the Verge of Extinction". En la pieza, explora la familia, las relaciones, la adicción, el cáncer, los carbohidratos y la navegación por la vida como una persona de 79 años.</p>



<p>Hay una gran diferencia entre afirmar que su institución u organización es "bienvenida a todos" frente a "este espacio está pensado para usted". Lo primero permite que la gente sepa que cualquiera puede entrar por las puertas, pero no significa necesariamente que los principios, las políticas o la misión sean inclusivos para ellos. La segunda afirma claramente que si alguien entra en el espacio, en su creación se ha prestado atención y se ha tenido la intención de tener en cuenta las necesidades de toda la gama de identidades humanas que con demasiada frecuencia quedan relegadas a los márgenes, ya sean Latinx, negros u otras personas de color; LGBTQ+; personas con necesidades de accesibilidad; inmigrantes; ancianos; etc.</p>



<p>En este taller en línea se entrelazarán hilos de atención plena, medios de comunicación concretos, ficción y, lo que es más importante, historias personales, y reflexiones suscitadas por estas historias y por preguntas sobre tus propias experiencias. Esta trama de considerar los aspectos universales de la narrativa, centrar nuestra atención en el momento presente, y sintonizar con nuestros pensamientos y preguntas, estimulará nuestra exploración y diálogo sobre lo que es; lo que podría significar crear espacios destinados a todos nosotros; y lo que significaría para nuestro propio buen hacer comprometernos a tomar medidas para conseguirlo.</p>



<p>Esta oferta forma parte de una serie mensual de talleres en línea en los que comisarios y narradores de historias de diferentes grupos marginados comparten sus historias personales para provocar que los oyentes se pregunten "¿qué cambios puedo hacer en mi vida, en mis comunidades y en mis organizaciones para que los espacios creados sean realmente para todos?".</p>

Hacia una transición justa
