{"id":7596,"date":"2021-05-05T19:19:51","date_gmt":"2021-05-05T19:19:51","guid":{"rendered":"https:\/\/goodworkinstitute.org\/?post_type=calendar2&#038;p=7596"},"modified":"2021-06-01T16:37:48","modified_gmt":"2021-06-01T16:37:48","slug":"radical-mindfulness-pt-i-dismantling-the-oppression-within-us","status":"publish","type":"events","link":"https:\/\/goodworkinstitute.org\/es\/events\/radical-mindfulness-pt-i-dismantling-the-oppression-within-us\/","title":{"rendered":"Atenci\u00f3n Plena Radical I: Desmontando la opresi\u00f3n que llevamos dentro"},"content":{"rendered":"<p><strong>\"Decimos que queremos la paz en el mundo, pero nosotros mismos no somos pac\u00edficos\". - Shri Shiva Rudra Balayogi<\/strong><\/p>\n\n\n\n<p><strong><a href=\"https:\/\/www.eventbrite.com\/e\/radical-mindfulness-pt-i-dismantling-the-oppression-within-us-registration-151567248721\">HAGA CLIC AQU\u00cd PARA INSCRIBIRSE<\/a><\/strong><\/p>\n\n\n\n<h2 class=\"wp-block-heading\">Acerca de este acto<\/h2>\n\n\n\n<p>Para desmantelar los sistemas de opresi\u00f3n que existen en el mundo debemos enfrentarnos a los sistemas de opresi\u00f3n que viven en nuestro interior. Esto requiere atenci\u00f3n plena, conciencia plena y el cultivo de la paz interior. Practicar la atenci\u00f3n plena nos ayuda en nuestro compromiso de impulsar la justicia racial y la equidad social, que a su vez es fundamental para&nbsp;<a href=\"https:\/\/movementgeneration.org\/justtransition\/\" target=\"_blank\" rel=\"noreferrer noopener\">Transici\u00f3n justa<\/a>.<\/p>\n\n\n\n<p>Este taller comienza con tu inter\u00e9s en la pr\u00e1ctica de la atenci\u00f3n plena como camino hacia el cambio social y la voluntad de echar un vistazo a tu propia capacidad para el cambio y la paz. Mindfulness es prestar atenci\u00f3n a prop\u00f3sito, en el momento presente, sin juzgar. Entretejido con oportunidades para practicar, te invitaremos a explorar el significado de \"radical\" y \"mindfulness\" y c\u00f3mo ofrecen un medio para reconocer la opresi\u00f3n que vive dentro, y ver c\u00f3mo mindfulness sirve como base para otros que est\u00e1n trabajando para cambiar el mundo.<\/p>","protected":false},"excerpt":{"rendered":"<p>\u201cWe say we want peace in the world, yet we\u2019re not peaceful ourselves.\u201d \u2013 Shri Shiva Rudra Balayogi CLICK HERE TO REGISTER About this Event In order to dismantle the systems of oppression that exist in the world we must face the systems of oppression that live within us. This requires heartfulness, mindfulness, and the [&hellip;]<\/p>\n","protected":false},"featured_media":7597,"parent":0,"template":"","meta":{"_acf_changed":false,"_links_to":"","_links_to_target":""},"on-or-off-event-list":[],"event-category":[109],"class_list":["post-7596","events","type-events","status-publish","has-post-thumbnail","hentry","event-category-gwi-workshop"],"acf":[],"yoast_head":"<!-- This site is optimized with the Yoast SEO plugin v27.3 - https:\/\/yoast.com\/product\/yoast-seo-wordpress\/ -->\n<title>Radical Mindfulness Pt I: Dismantling the Oppression Within Us - Good Work Institute<\/title>\n<meta name=\"robots\" content=\"index, follow, max-snippet:-1, max-image-preview:large, max-video-preview:-1\" \/>\n<link rel=\"canonical\" href=\"https:\/\/goodworkinstitute.org\/es\/events\/radical-mindfulness-pt-i-dismantling-the-oppression-within-us\/\" \/>\n<meta property=\"og:locale\" content=\"es_MX\" \/>\n<meta property=\"og:type\" content=\"article\" \/>\n<meta property=\"og:title\" content=\"Radical Mindfulness Pt I: Dismantling the Oppression Within Us - Good Work Institute\" \/>\n<meta property=\"og:description\" content=\"\u201cWe say we want peace in the world, yet we\u2019re not peaceful ourselves.\u201d \u2013 Shri Shiva Rudra Balayogi CLICK HERE TO REGISTER About this Event In order to dismantle the systems of oppression that exist in the world we must face the systems of oppression that live within us. This requires heartfulness, mindfulness, and the [&hellip;]\" \/>\n<meta property=\"og:url\" content=\"https:\/\/goodworkinstitute.org\/es\/events\/radical-mindfulness-pt-i-dismantling-the-oppression-within-us\/\" \/>\n<meta property=\"og:site_name\" content=\"Good Work Institute\" \/>\n<meta property=\"article:modified_time\" content=\"2021-06-01T16:37:48+00:00\" \/>\n<meta property=\"og:image\" content=\"https:\/\/goodworkinstitute.org\/wp-content\/uploads\/2021\/05\/https___cdn.evbuc_.com_images_132724995_295116991731_1_original-2.jpeg\" \/>\n\t<meta property=\"og:image:width\" content=\"800\" \/>\n\t<meta property=\"og:image:height\" content=\"400\" \/>\n\t<meta property=\"og:image:type\" content=\"image\/jpeg\" \/>\n<meta name=\"twitter:card\" content=\"summary_large_image\" \/>\n<meta name=\"twitter:label1\" content=\"Tiempo de lectura\" \/>\n\t<meta name=\"twitter:data1\" content=\"1 minuto\" \/>\n<script type=\"application\/ld+json\" class=\"yoast-schema-graph\">{\"@context\":\"https:\\\/\\\/schema.org\",\"@graph\":[{\"@type\":\"WebPage\",\"@id\":\"https:\\\/\\\/goodworkinstitute.org\\\/events\\\/radical-mindfulness-pt-i-dismantling-the-oppression-within-us\\\/\",\"url\":\"https:\\\/\\\/goodworkinstitute.org\\\/events\\\/radical-mindfulness-pt-i-dismantling-the-oppression-within-us\\\/\",\"name\":\"Radical Mindfulness Pt I: Dismantling the Oppression Within Us - Good Work Institute\",\"isPartOf\":{\"@id\":\"https:\\\/\\\/goodworkinstitute.org\\\/#website\"},\"primaryImageOfPage\":{\"@id\":\"https:\\\/\\\/goodworkinstitute.org\\\/events\\\/radical-mindfulness-pt-i-dismantling-the-oppression-within-us\\\/#primaryimage\"},\"image\":{\"@id\":\"https:\\\/\\\/goodworkinstitute.org\\\/events\\\/radical-mindfulness-pt-i-dismantling-the-oppression-within-us\\\/#primaryimage\"},\"thumbnailUrl\":\"https:\\\/\\\/goodworkinstitute.org\\\/wp-content\\\/uploads\\\/2021\\\/05\\\/https___cdn.evbuc_.com_images_132724995_295116991731_1_original-2.jpeg\",\"datePublished\":\"2021-05-05T19:19:51+00:00\",\"dateModified\":\"2021-06-01T16:37:48+00:00\",\"breadcrumb\":{\"@id\":\"https:\\\/\\\/goodworkinstitute.org\\\/events\\\/radical-mindfulness-pt-i-dismantling-the-oppression-within-us\\\/#breadcrumb\"},\"inLanguage\":\"es\",\"potentialAction\":[{\"@type\":\"ReadAction\",\"target\":[\"https:\\\/\\\/goodworkinstitute.org\\\/events\\\/radical-mindfulness-pt-i-dismantling-the-oppression-within-us\\\/\"]}]},{\"@type\":\"ImageObject\",\"inLanguage\":\"es\",\"@id\":\"https:\\\/\\\/goodworkinstitute.org\\\/events\\\/radical-mindfulness-pt-i-dismantling-the-oppression-within-us\\\/#primaryimage\",\"url\":\"https:\\\/\\\/goodworkinstitute.org\\\/wp-content\\\/uploads\\\/2021\\\/05\\\/https___cdn.evbuc_.com_images_132724995_295116991731_1_original-2.jpeg\",\"contentUrl\":\"https:\\\/\\\/goodworkinstitute.org\\\/wp-content\\\/uploads\\\/2021\\\/05\\\/https___cdn.evbuc_.com_images_132724995_295116991731_1_original-2.jpeg\",\"width\":800,\"height\":400},{\"@type\":\"BreadcrumbList\",\"@id\":\"https:\\\/\\\/goodworkinstitute.org\\\/events\\\/radical-mindfulness-pt-i-dismantling-the-oppression-within-us\\\/#breadcrumb\",\"itemListElement\":[{\"@type\":\"ListItem\",\"position\":1,\"name\":\"Home\",\"item\":\"https:\\\/\\\/goodworkinstitute.org\\\/\"},{\"@type\":\"ListItem\",\"position\":2,\"name\":\"Calendar2\",\"item\":\"https:\\\/\\\/goodworkinstitute.org\\\/events\\\/\"},{\"@type\":\"ListItem\",\"position\":3,\"name\":\"Radical Mindfulness Pt I: Dismantling the Oppression Within Us\"}]},{\"@type\":\"WebSite\",\"@id\":\"https:\\\/\\\/goodworkinstitute.org\\\/#website\",\"url\":\"https:\\\/\\\/goodworkinstitute.org\\\/\",\"name\":\"Good Work Institute\",\"description\":\"Working towards Just Transition\",\"potentialAction\":[{\"@type\":\"SearchAction\",\"target\":{\"@type\":\"EntryPoint\",\"urlTemplate\":\"https:\\\/\\\/goodworkinstitute.org\\\/?s={search_term_string}\"},\"query-input\":{\"@type\":\"PropertyValueSpecification\",\"valueRequired\":true,\"valueName\":\"search_term_string\"}}],\"inLanguage\":\"es\"}]}<\/script>\n<!-- \/ Yoast SEO plugin. -->","yoast_head_json":{"title":"Atenci\u00f3n Plena Radical I: Desmontando la opresi\u00f3n en nuestro interior - Instituto del Buen Trabajo","robots":{"index":"index","follow":"follow","max-snippet":"max-snippet:-1","max-image-preview":"max-image-preview:large","max-video-preview":"max-video-preview:-1"},"canonical":"https:\/\/goodworkinstitute.org\/es\/events\/radical-mindfulness-pt-i-dismantling-the-oppression-within-us\/","og_locale":"es_MX","og_type":"article","og_title":"Radical Mindfulness Pt I: Dismantling the Oppression Within Us - Good Work Institute","og_description":"\u201cWe say we want peace in the world, yet we\u2019re not peaceful ourselves.\u201d \u2013 Shri Shiva Rudra Balayogi CLICK HERE TO REGISTER About this Event In order to dismantle the systems of oppression that exist in the world we must face the systems of oppression that live within us. This requires heartfulness, mindfulness, and the [&hellip;]","og_url":"https:\/\/goodworkinstitute.org\/es\/events\/radical-mindfulness-pt-i-dismantling-the-oppression-within-us\/","og_site_name":"Good Work Institute","article_modified_time":"2021-06-01T16:37:48+00:00","og_image":[{"width":800,"height":400,"url":"https:\/\/goodworkinstitute.org\/wp-content\/uploads\/2021\/05\/https___cdn.evbuc_.com_images_132724995_295116991731_1_original-2.jpeg","type":"image\/jpeg"}],"twitter_card":"summary_large_image","twitter_misc":{"Tiempo de lectura":"1 minuto"},"schema":{"@context":"https:\/\/schema.org","@graph":[{"@type":"WebPage","@id":"https:\/\/goodworkinstitute.org\/events\/radical-mindfulness-pt-i-dismantling-the-oppression-within-us\/","url":"https:\/\/goodworkinstitute.org\/events\/radical-mindfulness-pt-i-dismantling-the-oppression-within-us\/","name":"Atenci\u00f3n Plena Radical I: Desmontando la opresi\u00f3n en nuestro interior - Instituto del Buen Trabajo","isPartOf":{"@id":"https:\/\/goodworkinstitute.org\/#website"},"primaryImageOfPage":{"@id":"https:\/\/goodworkinstitute.org\/events\/radical-mindfulness-pt-i-dismantling-the-oppression-within-us\/#primaryimage"},"image":{"@id":"https:\/\/goodworkinstitute.org\/events\/radical-mindfulness-pt-i-dismantling-the-oppression-within-us\/#primaryimage"},"thumbnailUrl":"https:\/\/goodworkinstitute.org\/wp-content\/uploads\/2021\/05\/https___cdn.evbuc_.com_images_132724995_295116991731_1_original-2.jpeg","datePublished":"2021-05-05T19:19:51+00:00","dateModified":"2021-06-01T16:37:48+00:00","breadcrumb":{"@id":"https:\/\/goodworkinstitute.org\/events\/radical-mindfulness-pt-i-dismantling-the-oppression-within-us\/#breadcrumb"},"inLanguage":"es","potentialAction":[{"@type":"ReadAction","target":["https:\/\/goodworkinstitute.org\/events\/radical-mindfulness-pt-i-dismantling-the-oppression-within-us\/"]}]},{"@type":"ImageObject","inLanguage":"es","@id":"https:\/\/goodworkinstitute.org\/events\/radical-mindfulness-pt-i-dismantling-the-oppression-within-us\/#primaryimage","url":"https:\/\/goodworkinstitute.org\/wp-content\/uploads\/2021\/05\/https___cdn.evbuc_.com_images_132724995_295116991731_1_original-2.jpeg","contentUrl":"https:\/\/goodworkinstitute.org\/wp-content\/uploads\/2021\/05\/https___cdn.evbuc_.com_images_132724995_295116991731_1_original-2.jpeg","width":800,"height":400},{"@type":"BreadcrumbList","@id":"https:\/\/goodworkinstitute.org\/events\/radical-mindfulness-pt-i-dismantling-the-oppression-within-us\/#breadcrumb","itemListElement":[{"@type":"ListItem","position":1,"name":"Home","item":"https:\/\/goodworkinstitute.org\/"},{"@type":"ListItem","position":2,"name":"Calendar2","item":"https:\/\/goodworkinstitute.org\/events\/"},{"@type":"ListItem","position":3,"name":"Radical Mindfulness Pt I: Dismantling the Oppression Within Us"}]},{"@type":"WebSite","@id":"https:\/\/goodworkinstitute.org\/#website","url":"https:\/\/goodworkinstitute.org\/","name":"Instituto del Buen Trabajo","description":"Hacia una transici\u00f3n justa","potentialAction":[{"@type":"SearchAction","target":{"@type":"EntryPoint","urlTemplate":"https:\/\/goodworkinstitute.org\/?s={search_term_string}"},"query-input":{"@type":"PropertyValueSpecification","valueRequired":true,"valueName":"search_term_string"}}],"inLanguage":"es"}]}},"_links":{"self":[{"href":"https:\/\/goodworkinstitute.org\/es\/wp-json\/wp\/v2\/events\/7596","targetHints":{"allow":["GET"]}}],"collection":[{"href":"https:\/\/goodworkinstitute.org\/es\/wp-json\/wp\/v2\/events"}],"about":[{"href":"https:\/\/goodworkinstitute.org\/es\/wp-json\/wp\/v2\/types\/events"}],"wp:featuredmedia":[{"embeddable":true,"href":"https:\/\/goodworkinstitute.org\/es\/wp-json\/wp\/v2\/media\/7597"}],"wp:attachment":[{"href":"https:\/\/goodworkinstitute.org\/es\/wp-json\/wp\/v2\/media?parent=7596"}],"wp:term":[{"taxonomy":"on-or-off-event-list","embeddable":true,"href":"https:\/\/goodworkinstitute.org\/es\/wp-json\/wp\/v2\/on-or-off-event-list?post=7596"},{"taxonomy":"event-category","embeddable":true,"href":"https:\/\/goodworkinstitute.org\/es\/wp-json\/wp\/v2\/event-category?post=7596"}],"curies":[{"name":"wp","href":"https:\/\/api.w.org\/{rel}","templated":true}]}}

Atención Plena Radical I: Desmontando la opresión que llevamos dentro

<p><strong>"Decimos que queremos la paz en el mundo, pero nosotros mismos no somos pacíficos". - Shri Shiva Rudra Balayogi</strong></p>



<p><strong><a href="https://www.eventbrite.com/e/radical-mindfulness-pt-i-dismantling-the-oppression-within-us-registration-151567248721">HAGA CLIC AQUÍ PARA INSCRIBIRSE</a></strong></p>



<h2 class="wp-block-heading">Acerca de este acto</h2>



<p>Para desmantelar los sistemas de opresión que existen en el mundo debemos enfrentarnos a los sistemas de opresión que viven en nuestro interior. Esto requiere atención plena, conciencia plena y el cultivo de la paz interior. Practicar la atención plena nos ayuda en nuestro compromiso de impulsar la justicia racial y la equidad social, que a su vez es fundamental para&nbsp;<a href="https://movementgeneration.org/justtransition/" target="_blank" rel="noreferrer noopener">Transición justa</a>.</p>



<p>Este taller comienza con tu interés en la práctica de la atención plena como camino hacia el cambio social y la voluntad de echar un vistazo a tu propia capacidad para el cambio y la paz. Mindfulness es prestar atención a propósito, en el momento presente, sin juzgar. Entretejido con oportunidades para practicar, te invitaremos a explorar el significado de "radical" y "mindfulness" y cómo ofrecen un medio para reconocer la opresión que vive dentro, y ver cómo mindfulness sirve como base para otros que están trabajando para cambiar el mundo.</p>

Atención Plena Radical I: Desmontando la opresión en nuestro interior - Instituto del Buen Trabajo

Hacia una transición justa
