{"id":11280,"date":"2021-10-14T19:19:06","date_gmt":"2021-10-14T19:19:06","guid":{"rendered":"https:\/\/goodworkinstitute.org\/?post_type=events&#038;p=11280"},"modified":"2021-10-14T19:19:06","modified_gmt":"2021-10-14T19:19:06","slug":"it-starts-when-were-young-how-we-learn-and-teach-oppression-1-of-2","status":"publish","type":"events","link":"https:\/\/goodworkinstitute.org\/es\/events\/it-starts-when-were-young-how-we-learn-and-teach-oppression-1-of-2\/","title":{"rendered":"Comienza cuando somos j\u00f3venes: c\u00f3mo aprendemos y ense\u00f1amos la opresi\u00f3n (1 de 2)"},"content":{"rendered":"<p><strong>\u00danase a nosotros para aprender a aliarse con los j\u00f3venes y profundizar en su pr\u00e1ctica de la equidad social.<\/strong><\/p>\n\n\n\n<h2 class=\"wp-block-heading\">Acerca de este acto<\/h2>\n\n\n\n<p>Ya seamos padres, cuidadores, educadores u otros trabajadores con j\u00f3venes, en el fondo sabemos que la forma en que acompa\u00f1amos a los ni\u00f1os en su desarrollo da forma a gran parte de lo que viene despu\u00e9s. Tal vez todav\u00eda no se nos haya invitado a comprender c\u00f3mo nuestras relaciones con los j\u00f3venes -incluso con nosotros mismos- pueden transformar su capacidad y la nuestra para practicar la equidad social. Aunque no siempre se nombra, o muchos no lo entienden, el adultismo es el maltrato sistem\u00e1tico de los j\u00f3venes, y la forma en que los ni\u00f1os son introducidos en el ciclo de la opresi\u00f3n. El adultismo es una forma de opresi\u00f3n que todos hemos experimentado y presenciado. A trav\u00e9s de lecturas, presentaciones, reflexiones, puestas en com\u00fan, exposiciones y debates en esta serie de dos talleres, tendr\u00e1s la oportunidad de:<\/p>\n\n\n\n<ul class=\"wp-block-list\"><li>Conozca el ciclo de opresi\u00f3n en el que entramos cuando somos j\u00f3venes<\/li><li>Recordar y reinterpretar las experiencias de la infancia* a trav\u00e9s de la lente del ciclo de opresi\u00f3n.<\/li><li>Explorar c\u00f3mo se interioriza y exterioriza el adultismo<\/li><li>Comprender c\u00f3mo el adultismo limita nuestra capacidad de interrumpir eficazmente la opresi\u00f3n como adultos.<\/li><li>Articular formas de aplicar lo aprendido para convertirte en un aliado de los j\u00f3venes en tu vida.<\/li><\/ul>\n\n\n\n<p><strong>* NOTA ESPECIAL:<\/strong>\u00a0Muchos de nosotros arrastramos traumas de nuestras experiencias cuando \u00e9ramos ni\u00f1os. En estos talleres, se invitar\u00e1 a la reflexi\u00f3n y a la puesta en com\u00fan con el fin de extraer y personalizar el aprendizaje de conceptos. Sin embargo, no se trata de una experiencia terap\u00e9utica y no habr\u00e1 terapeutas formados presentes. Buscamos tu colaboraci\u00f3n para que cuides de ti mismo y no te extralimites, lo que incluye atender a tus necesidades, l\u00edmites y seguridad, y saber que siempre puedes elegir cu\u00e1nto quieres compartir en este tipo de contexto. Si prev\u00e9s que este tema puede desencadenar traumas infantiles, te invitamos a considerar si es el momento adecuado para participar en estos talleres.<\/p>","protected":false},"excerpt":{"rendered":"<p>Join us to learn about allying with young people and deepen your social equity practice. About this event Whether we are parents, caregivers, educators or other youth workers, in our hearts we know that the ways we accompany children as they develop shape so much of what comes after. Perhaps we\u2019ve not yet been invited [&hellip;]<\/p>\n","protected":false},"featured_media":11281,"parent":0,"template":"","meta":{"_acf_changed":false,"_links_to":"","_links_to_target":""},"on-or-off-event-list":[],"event-category":[109],"class_list":["post-11280","events","type-events","status-publish","has-post-thumbnail","hentry","event-category-gwi-workshop"],"acf":[],"yoast_head":"<!-- This site is optimized with the Yoast SEO plugin v27.3 - https:\/\/yoast.com\/product\/yoast-seo-wordpress\/ -->\n<title>It Starts When We&#039;re Young: How We Learn and Teach Oppression (1 of 2) - Good Work Institute<\/title>\n<meta name=\"description\" content=\"Join us to learn about allying with young people and deepen your social equity practice.\" \/>\n<meta name=\"robots\" content=\"index, follow, max-snippet:-1, max-image-preview:large, max-video-preview:-1\" \/>\n<link rel=\"canonical\" href=\"https:\/\/goodworkinstitute.org\/es\/events\/it-starts-when-were-young-how-we-learn-and-teach-oppression-1-of-2\/\" \/>\n<meta property=\"og:locale\" content=\"es_MX\" \/>\n<meta property=\"og:type\" content=\"article\" \/>\n<meta property=\"og:title\" content=\"It Starts When We&#039;re Young: How We Learn and Teach Oppression (1 of 2) - Good Work Institute\" \/>\n<meta property=\"og:description\" content=\"Join us to learn about allying with young people and deepen your social equity practice.\" \/>\n<meta property=\"og:url\" content=\"https:\/\/goodworkinstitute.org\/es\/events\/it-starts-when-were-young-how-we-learn-and-teach-oppression-1-of-2\/\" \/>\n<meta property=\"og:site_name\" content=\"Good Work Institute\" \/>\n<meta property=\"og:image\" content=\"https:\/\/goodworkinstitute.org\/wp-content\/uploads\/2021\/10\/211130-It-Starts-When-Were-Young_EB-Header.png\" \/>\n\t<meta property=\"og:image:width\" content=\"2160\" \/>\n\t<meta property=\"og:image:height\" content=\"1080\" \/>\n\t<meta property=\"og:image:type\" content=\"image\/png\" \/>\n<meta name=\"twitter:card\" content=\"summary_large_image\" \/>\n<meta name=\"twitter:label1\" content=\"Tiempo de lectura\" \/>\n\t<meta name=\"twitter:data1\" content=\"2 minutos\" \/>\n<script type=\"application\/ld+json\" class=\"yoast-schema-graph\">{\"@context\":\"https:\\\/\\\/schema.org\",\"@graph\":[{\"@type\":\"WebPage\",\"@id\":\"https:\\\/\\\/goodworkinstitute.org\\\/events\\\/it-starts-when-were-young-how-we-learn-and-teach-oppression-1-of-2\\\/\",\"url\":\"https:\\\/\\\/goodworkinstitute.org\\\/events\\\/it-starts-when-were-young-how-we-learn-and-teach-oppression-1-of-2\\\/\",\"name\":\"It Starts When We're Young: How We Learn and Teach Oppression (1 of 2) - Good Work Institute\",\"isPartOf\":{\"@id\":\"https:\\\/\\\/goodworkinstitute.org\\\/#website\"},\"primaryImageOfPage\":{\"@id\":\"https:\\\/\\\/goodworkinstitute.org\\\/events\\\/it-starts-when-were-young-how-we-learn-and-teach-oppression-1-of-2\\\/#primaryimage\"},\"image\":{\"@id\":\"https:\\\/\\\/goodworkinstitute.org\\\/events\\\/it-starts-when-were-young-how-we-learn-and-teach-oppression-1-of-2\\\/#primaryimage\"},\"thumbnailUrl\":\"https:\\\/\\\/goodworkinstitute.org\\\/wp-content\\\/uploads\\\/2021\\\/10\\\/211130-It-Starts-When-Were-Young_EB-Header.png\",\"datePublished\":\"2021-10-14T19:19:06+00:00\",\"description\":\"Join us to learn about allying with young people and deepen your social equity practice.\",\"breadcrumb\":{\"@id\":\"https:\\\/\\\/goodworkinstitute.org\\\/events\\\/it-starts-when-were-young-how-we-learn-and-teach-oppression-1-of-2\\\/#breadcrumb\"},\"inLanguage\":\"es\",\"potentialAction\":[{\"@type\":\"ReadAction\",\"target\":[\"https:\\\/\\\/goodworkinstitute.org\\\/events\\\/it-starts-when-were-young-how-we-learn-and-teach-oppression-1-of-2\\\/\"]}]},{\"@type\":\"ImageObject\",\"inLanguage\":\"es\",\"@id\":\"https:\\\/\\\/goodworkinstitute.org\\\/events\\\/it-starts-when-were-young-how-we-learn-and-teach-oppression-1-of-2\\\/#primaryimage\",\"url\":\"https:\\\/\\\/goodworkinstitute.org\\\/wp-content\\\/uploads\\\/2021\\\/10\\\/211130-It-Starts-When-Were-Young_EB-Header.png\",\"contentUrl\":\"https:\\\/\\\/goodworkinstitute.org\\\/wp-content\\\/uploads\\\/2021\\\/10\\\/211130-It-Starts-When-Were-Young_EB-Header.png\",\"width\":2160,\"height\":1080},{\"@type\":\"BreadcrumbList\",\"@id\":\"https:\\\/\\\/goodworkinstitute.org\\\/events\\\/it-starts-when-were-young-how-we-learn-and-teach-oppression-1-of-2\\\/#breadcrumb\",\"itemListElement\":[{\"@type\":\"ListItem\",\"position\":1,\"name\":\"Home\",\"item\":\"https:\\\/\\\/goodworkinstitute.org\\\/\"},{\"@type\":\"ListItem\",\"position\":2,\"name\":\"Calendar2\",\"item\":\"https:\\\/\\\/goodworkinstitute.org\\\/events\\\/\"},{\"@type\":\"ListItem\",\"position\":3,\"name\":\"It Starts When We&#8217;re Young: How We Learn and Teach Oppression (1 of 2)\"}]},{\"@type\":\"WebSite\",\"@id\":\"https:\\\/\\\/goodworkinstitute.org\\\/#website\",\"url\":\"https:\\\/\\\/goodworkinstitute.org\\\/\",\"name\":\"Good Work Institute\",\"description\":\"Working towards Just Transition\",\"potentialAction\":[{\"@type\":\"SearchAction\",\"target\":{\"@type\":\"EntryPoint\",\"urlTemplate\":\"https:\\\/\\\/goodworkinstitute.org\\\/?s={search_term_string}\"},\"query-input\":{\"@type\":\"PropertyValueSpecification\",\"valueRequired\":true,\"valueName\":\"search_term_string\"}}],\"inLanguage\":\"es\"}]}<\/script>\n<!-- \/ Yoast SEO plugin. -->","yoast_head_json":{"title":"Comienza cuando somos j\u00f3venes: c\u00f3mo aprendemos y ense\u00f1amos la opresi\u00f3n (1 de 2) - Instituto del Buen Trabajo","description":"\u00danase a nosotros para aprender a aliarse con los j\u00f3venes y profundizar en su pr\u00e1ctica de la equidad social.","robots":{"index":"index","follow":"follow","max-snippet":"max-snippet:-1","max-image-preview":"max-image-preview:large","max-video-preview":"max-video-preview:-1"},"canonical":"https:\/\/goodworkinstitute.org\/es\/events\/it-starts-when-were-young-how-we-learn-and-teach-oppression-1-of-2\/","og_locale":"es_MX","og_type":"article","og_title":"It Starts When We're Young: How We Learn and Teach Oppression (1 of 2) - Good Work Institute","og_description":"Join us to learn about allying with young people and deepen your social equity practice.","og_url":"https:\/\/goodworkinstitute.org\/es\/events\/it-starts-when-were-young-how-we-learn-and-teach-oppression-1-of-2\/","og_site_name":"Good Work Institute","og_image":[{"width":2160,"height":1080,"url":"https:\/\/goodworkinstitute.org\/wp-content\/uploads\/2021\/10\/211130-It-Starts-When-Were-Young_EB-Header.png","type":"image\/png"}],"twitter_card":"summary_large_image","twitter_misc":{"Tiempo de lectura":"2 minutos"},"schema":{"@context":"https:\/\/schema.org","@graph":[{"@type":"WebPage","@id":"https:\/\/goodworkinstitute.org\/events\/it-starts-when-were-young-how-we-learn-and-teach-oppression-1-of-2\/","url":"https:\/\/goodworkinstitute.org\/events\/it-starts-when-were-young-how-we-learn-and-teach-oppression-1-of-2\/","name":"Comienza cuando somos j\u00f3venes: c\u00f3mo aprendemos y ense\u00f1amos la opresi\u00f3n (1 de 2) - Instituto del Buen Trabajo","isPartOf":{"@id":"https:\/\/goodworkinstitute.org\/#website"},"primaryImageOfPage":{"@id":"https:\/\/goodworkinstitute.org\/events\/it-starts-when-were-young-how-we-learn-and-teach-oppression-1-of-2\/#primaryimage"},"image":{"@id":"https:\/\/goodworkinstitute.org\/events\/it-starts-when-were-young-how-we-learn-and-teach-oppression-1-of-2\/#primaryimage"},"thumbnailUrl":"https:\/\/goodworkinstitute.org\/wp-content\/uploads\/2021\/10\/211130-It-Starts-When-Were-Young_EB-Header.png","datePublished":"2021-10-14T19:19:06+00:00","description":"\u00danase a nosotros para aprender a aliarse con los j\u00f3venes y profundizar en su pr\u00e1ctica de la equidad social.","breadcrumb":{"@id":"https:\/\/goodworkinstitute.org\/events\/it-starts-when-were-young-how-we-learn-and-teach-oppression-1-of-2\/#breadcrumb"},"inLanguage":"es","potentialAction":[{"@type":"ReadAction","target":["https:\/\/goodworkinstitute.org\/events\/it-starts-when-were-young-how-we-learn-and-teach-oppression-1-of-2\/"]}]},{"@type":"ImageObject","inLanguage":"es","@id":"https:\/\/goodworkinstitute.org\/events\/it-starts-when-were-young-how-we-learn-and-teach-oppression-1-of-2\/#primaryimage","url":"https:\/\/goodworkinstitute.org\/wp-content\/uploads\/2021\/10\/211130-It-Starts-When-Were-Young_EB-Header.png","contentUrl":"https:\/\/goodworkinstitute.org\/wp-content\/uploads\/2021\/10\/211130-It-Starts-When-Were-Young_EB-Header.png","width":2160,"height":1080},{"@type":"BreadcrumbList","@id":"https:\/\/goodworkinstitute.org\/events\/it-starts-when-were-young-how-we-learn-and-teach-oppression-1-of-2\/#breadcrumb","itemListElement":[{"@type":"ListItem","position":1,"name":"Home","item":"https:\/\/goodworkinstitute.org\/"},{"@type":"ListItem","position":2,"name":"Calendar2","item":"https:\/\/goodworkinstitute.org\/events\/"},{"@type":"ListItem","position":3,"name":"It Starts When We&#8217;re Young: How We Learn and Teach Oppression (1 of 2)"}]},{"@type":"WebSite","@id":"https:\/\/goodworkinstitute.org\/#website","url":"https:\/\/goodworkinstitute.org\/","name":"Instituto del Buen Trabajo","description":"Hacia una transici\u00f3n justa","potentialAction":[{"@type":"SearchAction","target":{"@type":"EntryPoint","urlTemplate":"https:\/\/goodworkinstitute.org\/?s={search_term_string}"},"query-input":{"@type":"PropertyValueSpecification","valueRequired":true,"valueName":"search_term_string"}}],"inLanguage":"es"}]}},"_links":{"self":[{"href":"https:\/\/goodworkinstitute.org\/es\/wp-json\/wp\/v2\/events\/11280","targetHints":{"allow":["GET"]}}],"collection":[{"href":"https:\/\/goodworkinstitute.org\/es\/wp-json\/wp\/v2\/events"}],"about":[{"href":"https:\/\/goodworkinstitute.org\/es\/wp-json\/wp\/v2\/types\/events"}],"wp:featuredmedia":[{"embeddable":true,"href":"https:\/\/goodworkinstitute.org\/es\/wp-json\/wp\/v2\/media\/11281"}],"wp:attachment":[{"href":"https:\/\/goodworkinstitute.org\/es\/wp-json\/wp\/v2\/media?parent=11280"}],"wp:term":[{"taxonomy":"on-or-off-event-list","embeddable":true,"href":"https:\/\/goodworkinstitute.org\/es\/wp-json\/wp\/v2\/on-or-off-event-list?post=11280"},{"taxonomy":"event-category","embeddable":true,"href":"https:\/\/goodworkinstitute.org\/es\/wp-json\/wp\/v2\/event-category?post=11280"}],"curies":[{"name":"wp","href":"https:\/\/api.w.org\/{rel}","templated":true}]}}

Comienza cuando somos jóvenes: cómo aprendemos y enseñamos la opresión (1 de 2)

<p><strong>Únase a nosotros para aprender a aliarse con los jóvenes y profundizar en su práctica de la equidad social.</strong></p>



<h2 class="wp-block-heading">Acerca de este acto</h2>



<p>Ya seamos padres, cuidadores, educadores u otros trabajadores con jóvenes, en el fondo sabemos que la forma en que acompañamos a los niños en su desarrollo da forma a gran parte de lo que viene después. Tal vez todavía no se nos haya invitado a comprender cómo nuestras relaciones con los jóvenes -incluso con nosotros mismos- pueden transformar su capacidad y la nuestra para practicar la equidad social. Aunque no siempre se nombra, o muchos no lo entienden, el adultismo es el maltrato sistemático de los jóvenes, y la forma en que los niños son introducidos en el ciclo de la opresión. El adultismo es una forma de opresión que todos hemos experimentado y presenciado. A través de lecturas, presentaciones, reflexiones, puestas en común, exposiciones y debates en esta serie de dos talleres, tendrás la oportunidad de:</p>



<ul class="wp-block-list"><li>Conozca el ciclo de opresión en el que entramos cuando somos jóvenes</li><li>Recordar y reinterpretar las experiencias de la infancia* a través de la lente del ciclo de opresión.</li><li>Explorar cómo se interioriza y exterioriza el adultismo</li><li>Comprender cómo el adultismo limita nuestra capacidad de interrumpir eficazmente la opresión como adultos.</li><li>Articular formas de aplicar lo aprendido para convertirte en un aliado de los jóvenes en tu vida.</li></ul>



<p><strong>* NOTA ESPECIAL:</strong> Muchos de nosotros arrastramos traumas de nuestras experiencias cuando éramos niños. En estos talleres, se invitará a la reflexión y a la puesta en común con el fin de extraer y personalizar el aprendizaje de conceptos. Sin embargo, no se trata de una experiencia terapéutica y no habrá terapeutas formados presentes. Buscamos tu colaboración para que cuides de ti mismo y no te extralimites, lo que incluye atender a tus necesidades, límites y seguridad, y saber que siempre puedes elegir cuánto quieres compartir en este tipo de contexto. Si prevés que este tema puede desencadenar traumas infantiles, te invitamos a considerar si es el momento adecuado para participar en estos talleres.</p>

Comienza cuando somos jóvenes: cómo aprendemos y enseñamos la opresión (1 de 2) - Instituto del Buen Trabajo

Únase a nosotros para aprender a aliarse con los jóvenes y profundizar en su práctica de la equidad social.

Hacia una transición justa
