{"id":11266,"date":"2021-09-27T13:25:28","date_gmt":"2021-09-27T13:25:28","guid":{"rendered":"https:\/\/goodworkinstitute.org\/?post_type=events&#038;p=11266"},"modified":"2021-09-27T13:25:28","modified_gmt":"2021-09-27T13:25:28","slug":"just-transition-primer-7","status":"publish","type":"events","link":"https:\/\/goodworkinstitute.org\/es\/events\/just-transition-primer-7\/","title":{"rendered":"Cartilla de transici\u00f3n justa"},"content":{"rendered":"<div class=\"g-group l-lg-mar-bot-6 l-md-mar-bot-4\">\n<div class=\"g-cell g-cell-10-12 g-cell-md-1-1\">\n<div class=\"has-user-generated-content\">\n<div class=\"text-body-medium\" data-automation=\"listing-event-description\"><strong>Un\u00e1monos en l\u00ednea para alinear la comprensi\u00f3n y la acci\u00f3n en apoyo de respuestas eficaces y colectivas al momento que vivimos.<\/strong><\/div>\n<\/div>\n<\/div>\n<\/div>\n<p>Llevamos m\u00e1s de un a\u00f1o y medio soportando la tensi\u00f3n y la incertidumbre de una pandemia mundial. Hemos tenido duros y perturbadores recordatorios de la necesidad de superar la injusticia racial. Nuestras arraigadas divisiones pol\u00edticas est\u00e1n plagadas de conflictos. \u00bfC\u00f3mo dar sentido a estas realidades? \u00bfD\u00f3nde podemos vislumbrar el tipo de posibilidad por la que merece la pena trabajar juntos? Este taller ofrece la oportunidad de conectar, explorar una visi\u00f3n compartida de la Transici\u00f3n Justa y considerar la cuesti\u00f3n: \u00bfQu\u00e9 se necesita para construir sistemas centrados en el cuidado de los dem\u00e1s y de nuestro hogar com\u00fan? \u00bfQu\u00e9 significar\u00eda para muchos de nosotros en el valle de Mahicantuck (Hudson) centrarnos en el bienestar social y ecol\u00f3gico? \u00danete a nosotros en l\u00ednea, en comunidad, para profundizar en tu comprensi\u00f3n del marco, los principios y las pr\u00e1cticas de la Transici\u00f3n Justa. A trav\u00e9s del v\u00eddeo, la reflexi\u00f3n, el intercambio de historias y el debate en peque\u00f1os grupos:<\/p>\n<ul>\n<li>Vea a personas de todo el pa\u00eds describiendo aspectos de la Transici\u00f3n Justa<\/li>\n<li>Escuchar la respuesta de otros participantes al marco<\/li>\n<li>Conectar su propia experiencia con los paradigmas econ\u00f3micos extractivos y regenerativos.<\/li>\n<li>Conozca el marco, los principios y las pr\u00e1cticas, y de d\u00f3nde proceden<\/li>\n<li>Discutir las formas en que se siente atra\u00eddo a tejer uno o m\u00e1s principios y pr\u00e1cticas de Transici\u00f3n Justa en su Buen Trabajo.<\/li>\n<\/ul>\n\n\n<p><\/p>","protected":false},"excerpt":{"rendered":"<p>Let\u2019s come together online to align understanding and action in support of effective, collective responses to the moment we are living in. We\u2019ve been navigating the strain and uncertainty of a global pandemic for over a year and a half. We\u2019ve had stark and upsetting reminders of the necessity of overcoming racial injustice. Our entrenched [&hellip;]<\/p>\n","protected":false},"featured_media":3660,"parent":0,"template":"","meta":{"_acf_changed":false,"_links_to":"","_links_to_target":""},"on-or-off-event-list":[],"event-category":[109],"class_list":["post-11266","events","type-events","status-publish","has-post-thumbnail","hentry","event-category-gwi-workshop"],"acf":[],"yoast_head":"<!-- This site is optimized with the Yoast SEO plugin v27.3 - https:\/\/yoast.com\/product\/yoast-seo-wordpress\/ -->\n<title>Just Transition Primer - Good Work Institute<\/title>\n<meta name=\"description\" content=\"Let\u2019s come together online to align understanding and action in support of effective, collective responses to the moment we are living in.\" \/>\n<meta name=\"robots\" content=\"index, follow, max-snippet:-1, max-image-preview:large, max-video-preview:-1\" \/>\n<link rel=\"canonical\" href=\"https:\/\/goodworkinstitute.org\/es\/events\/just-transition-primer-7\/\" \/>\n<meta property=\"og:locale\" content=\"es_MX\" \/>\n<meta property=\"og:type\" content=\"article\" \/>\n<meta property=\"og:title\" content=\"Just Transition Primer - Good Work Institute\" \/>\n<meta property=\"og:description\" content=\"Let\u2019s come together online to align understanding and action in support of effective, collective responses to the moment we are living in.\" \/>\n<meta property=\"og:url\" content=\"https:\/\/goodworkinstitute.org\/es\/events\/just-transition-primer-7\/\" \/>\n<meta property=\"og:site_name\" content=\"Good Work Institute\" \/>\n<meta property=\"og:image\" content=\"https:\/\/goodworkinstitute.org\/wp-content\/uploads\/2021\/02\/2103_-jt-primer_eb-header-768x384.png\" \/>\n\t<meta property=\"og:image:width\" content=\"768\" \/>\n\t<meta property=\"og:image:height\" content=\"384\" \/>\n\t<meta property=\"og:image:type\" content=\"image\/png\" \/>\n<meta name=\"twitter:card\" content=\"summary_large_image\" \/>\n<meta name=\"twitter:label1\" content=\"Tiempo de lectura\" \/>\n\t<meta name=\"twitter:data1\" content=\"2 minutos\" \/>\n<script type=\"application\/ld+json\" class=\"yoast-schema-graph\">{\"@context\":\"https:\\\/\\\/schema.org\",\"@graph\":[{\"@type\":\"WebPage\",\"@id\":\"https:\\\/\\\/goodworkinstitute.org\\\/events\\\/just-transition-primer-7\\\/\",\"url\":\"https:\\\/\\\/goodworkinstitute.org\\\/events\\\/just-transition-primer-7\\\/\",\"name\":\"Just Transition Primer - Good Work Institute\",\"isPartOf\":{\"@id\":\"https:\\\/\\\/goodworkinstitute.org\\\/#website\"},\"primaryImageOfPage\":{\"@id\":\"https:\\\/\\\/goodworkinstitute.org\\\/events\\\/just-transition-primer-7\\\/#primaryimage\"},\"image\":{\"@id\":\"https:\\\/\\\/goodworkinstitute.org\\\/events\\\/just-transition-primer-7\\\/#primaryimage\"},\"thumbnailUrl\":\"https:\\\/\\\/goodworkinstitute.org\\\/wp-content\\\/uploads\\\/2021\\\/02\\\/2103_-jt-primer_eb-header.png\",\"datePublished\":\"2021-09-27T13:25:28+00:00\",\"description\":\"Let\u2019s come together online to align understanding and action in support of effective, collective responses to the moment we are living in.\",\"breadcrumb\":{\"@id\":\"https:\\\/\\\/goodworkinstitute.org\\\/events\\\/just-transition-primer-7\\\/#breadcrumb\"},\"inLanguage\":\"es\",\"potentialAction\":[{\"@type\":\"ReadAction\",\"target\":[\"https:\\\/\\\/goodworkinstitute.org\\\/events\\\/just-transition-primer-7\\\/\"]}]},{\"@type\":\"ImageObject\",\"inLanguage\":\"es\",\"@id\":\"https:\\\/\\\/goodworkinstitute.org\\\/events\\\/just-transition-primer-7\\\/#primaryimage\",\"url\":\"https:\\\/\\\/goodworkinstitute.org\\\/wp-content\\\/uploads\\\/2021\\\/02\\\/2103_-jt-primer_eb-header.png\",\"contentUrl\":\"https:\\\/\\\/goodworkinstitute.org\\\/wp-content\\\/uploads\\\/2021\\\/02\\\/2103_-jt-primer_eb-header.png\",\"width\":2160,\"height\":1080},{\"@type\":\"BreadcrumbList\",\"@id\":\"https:\\\/\\\/goodworkinstitute.org\\\/events\\\/just-transition-primer-7\\\/#breadcrumb\",\"itemListElement\":[{\"@type\":\"ListItem\",\"position\":1,\"name\":\"Home\",\"item\":\"https:\\\/\\\/goodworkinstitute.org\\\/\"},{\"@type\":\"ListItem\",\"position\":2,\"name\":\"Calendar2\",\"item\":\"https:\\\/\\\/goodworkinstitute.org\\\/events\\\/\"},{\"@type\":\"ListItem\",\"position\":3,\"name\":\"Just Transition Primer\"}]},{\"@type\":\"WebSite\",\"@id\":\"https:\\\/\\\/goodworkinstitute.org\\\/#website\",\"url\":\"https:\\\/\\\/goodworkinstitute.org\\\/\",\"name\":\"Good Work Institute\",\"description\":\"Working towards Just Transition\",\"potentialAction\":[{\"@type\":\"SearchAction\",\"target\":{\"@type\":\"EntryPoint\",\"urlTemplate\":\"https:\\\/\\\/goodworkinstitute.org\\\/?s={search_term_string}\"},\"query-input\":{\"@type\":\"PropertyValueSpecification\",\"valueRequired\":true,\"valueName\":\"search_term_string\"}}],\"inLanguage\":\"es\"}]}<\/script>\n<!-- \/ Yoast SEO plugin. -->","yoast_head_json":{"title":"Cartilla de transici\u00f3n justa - Instituto del Buen Trabajo","description":"Un\u00e1monos en l\u00ednea para alinear la comprensi\u00f3n y la acci\u00f3n en apoyo de respuestas eficaces y colectivas al momento que vivimos.","robots":{"index":"index","follow":"follow","max-snippet":"max-snippet:-1","max-image-preview":"max-image-preview:large","max-video-preview":"max-video-preview:-1"},"canonical":"https:\/\/goodworkinstitute.org\/es\/events\/just-transition-primer-7\/","og_locale":"es_MX","og_type":"article","og_title":"Just Transition Primer - Good Work Institute","og_description":"Let\u2019s come together online to align understanding and action in support of effective, collective responses to the moment we are living in.","og_url":"https:\/\/goodworkinstitute.org\/es\/events\/just-transition-primer-7\/","og_site_name":"Good Work Institute","og_image":[{"width":768,"height":384,"url":"https:\/\/goodworkinstitute.org\/wp-content\/uploads\/2021\/02\/2103_-jt-primer_eb-header-768x384.png","type":"image\/png"}],"twitter_card":"summary_large_image","twitter_misc":{"Tiempo de lectura":"2 minutos"},"schema":{"@context":"https:\/\/schema.org","@graph":[{"@type":"WebPage","@id":"https:\/\/goodworkinstitute.org\/events\/just-transition-primer-7\/","url":"https:\/\/goodworkinstitute.org\/events\/just-transition-primer-7\/","name":"Cartilla de transici\u00f3n justa - Instituto del Buen Trabajo","isPartOf":{"@id":"https:\/\/goodworkinstitute.org\/#website"},"primaryImageOfPage":{"@id":"https:\/\/goodworkinstitute.org\/events\/just-transition-primer-7\/#primaryimage"},"image":{"@id":"https:\/\/goodworkinstitute.org\/events\/just-transition-primer-7\/#primaryimage"},"thumbnailUrl":"https:\/\/goodworkinstitute.org\/wp-content\/uploads\/2021\/02\/2103_-jt-primer_eb-header.png","datePublished":"2021-09-27T13:25:28+00:00","description":"Un\u00e1monos en l\u00ednea para alinear la comprensi\u00f3n y la acci\u00f3n en apoyo de respuestas eficaces y colectivas al momento que vivimos.","breadcrumb":{"@id":"https:\/\/goodworkinstitute.org\/events\/just-transition-primer-7\/#breadcrumb"},"inLanguage":"es","potentialAction":[{"@type":"ReadAction","target":["https:\/\/goodworkinstitute.org\/events\/just-transition-primer-7\/"]}]},{"@type":"ImageObject","inLanguage":"es","@id":"https:\/\/goodworkinstitute.org\/events\/just-transition-primer-7\/#primaryimage","url":"https:\/\/goodworkinstitute.org\/wp-content\/uploads\/2021\/02\/2103_-jt-primer_eb-header.png","contentUrl":"https:\/\/goodworkinstitute.org\/wp-content\/uploads\/2021\/02\/2103_-jt-primer_eb-header.png","width":2160,"height":1080},{"@type":"BreadcrumbList","@id":"https:\/\/goodworkinstitute.org\/events\/just-transition-primer-7\/#breadcrumb","itemListElement":[{"@type":"ListItem","position":1,"name":"Home","item":"https:\/\/goodworkinstitute.org\/"},{"@type":"ListItem","position":2,"name":"Calendar2","item":"https:\/\/goodworkinstitute.org\/events\/"},{"@type":"ListItem","position":3,"name":"Just Transition Primer"}]},{"@type":"WebSite","@id":"https:\/\/goodworkinstitute.org\/#website","url":"https:\/\/goodworkinstitute.org\/","name":"Instituto del Buen Trabajo","description":"Hacia una transici\u00f3n justa","potentialAction":[{"@type":"SearchAction","target":{"@type":"EntryPoint","urlTemplate":"https:\/\/goodworkinstitute.org\/?s={search_term_string}"},"query-input":{"@type":"PropertyValueSpecification","valueRequired":true,"valueName":"search_term_string"}}],"inLanguage":"es"}]}},"_links":{"self":[{"href":"https:\/\/goodworkinstitute.org\/es\/wp-json\/wp\/v2\/events\/11266","targetHints":{"allow":["GET"]}}],"collection":[{"href":"https:\/\/goodworkinstitute.org\/es\/wp-json\/wp\/v2\/events"}],"about":[{"href":"https:\/\/goodworkinstitute.org\/es\/wp-json\/wp\/v2\/types\/events"}],"wp:featuredmedia":[{"embeddable":true,"href":"https:\/\/goodworkinstitute.org\/es\/wp-json\/wp\/v2\/media\/3660"}],"wp:attachment":[{"href":"https:\/\/goodworkinstitute.org\/es\/wp-json\/wp\/v2\/media?parent=11266"}],"wp:term":[{"taxonomy":"on-or-off-event-list","embeddable":true,"href":"https:\/\/goodworkinstitute.org\/es\/wp-json\/wp\/v2\/on-or-off-event-list?post=11266"},{"taxonomy":"event-category","embeddable":true,"href":"https:\/\/goodworkinstitute.org\/es\/wp-json\/wp\/v2\/event-category?post=11266"}],"curies":[{"name":"wp","href":"https:\/\/api.w.org\/{rel}","templated":true}]}}

Cartilla de transición justa

<div class="g-group l-lg-mar-bot-6 l-md-mar-bot-4">
<div class="g-cell g-cell-10-12 g-cell-md-1-1">
<div class="has-user-generated-content">
<div class="text-body-medium" data-automation="listing-event-description"><strong>Unámonos en línea para alinear la comprensión y la acción en apoyo de respuestas eficaces y colectivas al momento que vivimos.</strong></div>
</div>
</div>
</div>
<p>Llevamos más de un año y medio soportando la tensión y la incertidumbre de una pandemia mundial. Hemos tenido duros y perturbadores recordatorios de la necesidad de superar la injusticia racial. Nuestras arraigadas divisiones políticas están plagadas de conflictos. ¿Cómo dar sentido a estas realidades? ¿Dónde podemos vislumbrar el tipo de posibilidad por la que merece la pena trabajar juntos? Este taller ofrece la oportunidad de conectar, explorar una visión compartida de la Transición Justa y considerar la cuestión: ¿Qué se necesita para construir sistemas centrados en el cuidado de los demás y de nuestro hogar común? ¿Qué significaría para muchos de nosotros en el valle de Mahicantuck (Hudson) centrarnos en el bienestar social y ecológico? Únete a nosotros en línea, en comunidad, para profundizar en tu comprensión del marco, los principios y las prácticas de la Transición Justa. A través del vídeo, la reflexión, el intercambio de historias y el debate en pequeños grupos:</p>
<ul>
<li>Vea a personas de todo el país describiendo aspectos de la Transición Justa</li>
<li>Escuchar la respuesta de otros participantes al marco</li>
<li>Conectar su propia experiencia con los paradigmas económicos extractivos y regenerativos.</li>
<li>Conozca el marco, los principios y las prácticas, y de dónde proceden</li>
<li>Discutir las formas en que se siente atraído a tejer uno o más principios y prácticas de Transición Justa en su Buen Trabajo.</li>
</ul>


<p></p>

Cartilla de transición justa - Instituto del Buen Trabajo

Unámonos en línea para alinear la comprensión y la acción en apoyo de respuestas eficaces y colectivas al momento que vivimos.

Hacia una transición justa
